{"id":1088,"date":"2013-06-09T18:51:14","date_gmt":"2013-06-09T21:51:14","guid":{"rendered":"http:\/\/xn--regeneraoplanetria-dsb6a7f.com.br\/?page_id=1088"},"modified":"2013-06-09T18:51:14","modified_gmt":"2013-06-09T21:51:14","slug":"24-a-ilusao-do-discipulo","status":"publish","type":"page","link":"https:\/\/xn--regeneraoplanetria-dsb6a7f.com.br\/index.php\/boa-nova-1\/24-a-ilusao-do-discipulo\/","title":{"rendered":"24 &#8211; A Ilus\u00e3o do Disc\u00edpulo"},"content":{"rendered":"<p>(da Obra &#8220;Boa Nova&#8221; de Humberto de Campos, psicografada por Chico Xavier)<\/p>\n<p>Jesus havia chegado a Jerusal\u00e9m sob uma chuva de flores.<\/p>\n<p>De tarde, ap\u00f3s a consagra\u00e7\u00e3o popular, caminhavam Tiago e Judas, lado a lado, por uma estrada antiga, marginada de oliveiras, que conduzia \u00e0s casinhas alegres de Bet\u00e2nia.<\/p>\n<p>Judas lscariotes deixava transparecer no semblante \u00edntima inquieta\u00e7\u00e3o, enquanto no olhar sereno do filho de Zebedeu fulgurava a luz suave e branda que consola o cora\u00e7\u00e3o das almas crentes.<\/p>\n<p>Tiago exclamou Judas, entre ansioso e atormentado \u2014, n\u00e3o achas que o Mestre \u00e9 demasiado simples e bom para quebrar o jugo tir\u00e2nico que pesa sobre Israel, abolindo a escravid\u00e3o que oprime o povo eleito de Deus?<\/p>\n<p>Mas replicou o interpelado poderias admitir no Mestre as disposi\u00e7\u00f5es destruidoras de um guerreiro do mundo?<\/p>\n<p>N\u00e3o tanto assim. Contudo, tenho a impress\u00e3o de que o Messias n\u00e3o considera as oportunidades. Ainda hoje, tive a aten\u00e7\u00e3o reclamada por doutores da lei que me fizeram sentir a inutilidade das prega\u00e7\u00f5es evang\u00e9licas, sempre levadas a efeito entre as pessoas mais ignorantes e desclassificadas. Ora, as reivindica\u00e7\u00f5es do nosso povo exigem um condutor en\u00e9rgico e altivo.<\/p>\n<p>Israel retrucou o filho de Zebedeu, de olhar sereno sempre teve orientadores revolucion\u00e1rios; o Messias, por\u00e9m, vem efetuar a verdadeira revolu\u00e7\u00e3o, edificando o seu reino sobre os cora\u00e7\u00f5es e nas almas! &#8230;<\/p>\n<p>Judas sorriu, algo ir\u00f4nico, e acrescentou:<\/p>\n<p>Mas, poderemos esperar renova\u00e7\u00f5es, sem conseguirmos o interesse e a aten\u00e7\u00e3o dos homens poderosos?<\/p>\n<p>E quem haver\u00e1 mais poderoso do que Deus, de quem o Mestre \u00e9 o Enviado divino?<\/p>\n<p>Em face dessa invoca\u00e7\u00e3o, Judas mordeu os l\u00e1bios, mas prosseguiu:<\/p>\n<p>N\u00e3o concordo com os princ\u00edpios de ina\u00e7\u00e3o e creio que o Evangelho somente poder\u00e1 vencer com o amparo dos prepostos de C\u00e9sar ou das autoridades administrativas de Jerusal\u00e9m que nos governam o destino. Acompanhando o Mestre nas suas prega\u00e7\u00f5es em Cesar\u00e9ia, em Sebaste, em Corazim e Betsaida, quando das suas aus\u00eancias de Cafarnaum, jamais o vi interessado em conquistar a aten\u00e7\u00e3o dos homens mais altamente colocados na vida. \u00c9 certo que de seus l\u00e1bios divinos sempre brotaram a verdade e o amor, por toda parte; mas s\u00f3 observei leprosos e cegos, pobres e ignorantes, abeirando-se de nossa fonte.<\/p>\n<p>Jesus, por\u00e9m, j\u00e1 nos esclareceu obtemperou Tiago com brandura que o seu reino n\u00e3o \u00e9 deste mundo.<\/p>\n<p>Imprimindo aos olhos inquietos um fulgor estranho, o disc\u00edpulo impaciente revidou com energia:<\/p>\n<p>Vimos hoje o povo de Jerusal\u00e9m atapetar o caminho do Senhor com as palmas da sua admira\u00e7\u00e3o e do seu carinho; precisamos, todavia, impor a figura do Messias \u00e0s autoridades da Corte Provincial e do Templo, de modo a aproveitarmos esse surto de simpatia. Notei que Recordo-me, entretanto, de que o Mestre nos asseverou, certa vez, que o maior na comunidade ser\u00e1 sempre aquele que se fizer o menor de todos.<\/p>\n<p>Jesus recebia as homenagens populares sem partilhar do entusiasmo febril de quantos o cercavam, raz\u00e3o por que necessitamos multiplicar esfor\u00e7os, em lugar dele, a fim de que a nossa Posi\u00e7\u00e3o de Superioridade seja reconhecida em tempo oportuno.<\/p>\n<p>N\u00e3o podemos levar em conta esses excessos de teoria. Interpelado que vou ser hoje por amigos influentes na pol\u00edtica de Jerusal\u00e9m farei o poss\u00edvel por estabelecer acordos com os altos funcion\u00e1rios e homens de import\u00e2ncia, para imprimirmos novo movimento \u00e0s id\u00e9ias do Messias.<\/p>\n<p>Judas! Judas! &#8230; observou-lhe o irm\u00e3o de apostolado, com doce veem\u00eancia v\u00ea l\u00e1 o que fazes! Socorreres-te dos poderes transit\u00f3rios do mundo, sem um motivo que Justifique esse recurso, n\u00e3o ser\u00e1 desrespeito \u00e0 autoridade de Jesus? N\u00e3o ter\u00e1 o Mestre vis\u00e3o bastante para sondar e reconhecer os cora\u00e7\u00f5es? o h\u00e1bito dos sacerdotes e a toga dos dignit\u00e1rios romanos s\u00e3o roupagens para a Terra&#8230; As id\u00e9ias do Mestre s\u00e3o do C\u00e9u e seria sacril\u00e9gio misturarmos a sua pureza com as organiza\u00e7\u00f5es viciadas do mundo! &#8230; Al\u00e9m de tudo, n\u00e3o podemos ser mais s\u00e1bios, nem mais amorosos do que Jesus e ele sabe o melhor caminho e a melhor oportunidade para a convers\u00e3o dos homens! &#8230; As conquistas do mundo s\u00e3o cheias de ciladas para o esp\u00edrito e, entre elas, \u00e9 poss\u00edvel que nos transformemos em \u00f3rg\u00e3o de esc\u00e2ndalo para a verdade que o Mestre representa.<\/p>\n<p>Judas silenciou, aflito.<\/p>\n<p>No firmamento, os derradeiros raios de Sol batiam nas nuvens distantes, enquanto os dois disc\u00edpulos tomavam rumos diferentes.<\/p>\n<p>Sem embargo das carinhosas exorta\u00e7\u00f5es de Tiago, Judas Iscariotes passou a noite tomado de angustiosas inquieta\u00e7\u00f5es.<\/p>\n<p>N\u00e3o seria melhor apressar o triunfo mundano do Cristianismo? Israel n\u00e3o esperava um Messias que enfeixasse nas m\u00e3os todos os poderes? Valendo-se da doutrina do Mestre, poderia tomar para si as r\u00e9deas do movimento renovador, enquanto Jesus, na sua bondade e simpleza, ficaria entre todos, como um s\u00edmbolo vivo da id\u00e9ia nova.<\/p>\n<p>Recordando suas primeiras conversa\u00e7\u00f5es com as autoridades do Sin\u00e9drio, meditava na execu\u00e7\u00e3o de seus sombrios des\u00edgnios.<\/p>\n<p>A madrugada o encontrou decidido, na embriaguez de seus sonhos ilus\u00f3rios.<\/p>\n<p>Entregaria o Mestre aos homens do poder, em troca de sua nomea\u00e7\u00e3o oficial para dirigir a atividade dos companheiros. Teria autoridade e privil\u00e9gios pol\u00edticos.<\/p>\n<p>Satisfaria \u00e0s suas ambi\u00e7\u00f5es, aparentemente justas, com o fim de organizar a vit\u00f3ria crist\u00e3 no seio de seu povo. Depois de atingir o alto cargo com que contava, libertaria Jesus e lhe dirigiria os dons espirituais, de modo a utiliz\u00e1-los para a convers\u00e3o de seus amigos e protetores prestigiosos.<\/p>\n<p>O Mestre, a seu ver, era demasiadamente humilde e generoso para vencer sozinho, por entre a maldade e a viol\u00eancia.<\/p>\n<p>Ao desabrochar a alvorada, o disc\u00edpulo imprevidente demandou o centro da cidade e, ap\u00f3s horas, era recebido pelo Sin\u00e9drio, onde lhe foram hipotecadas as mais relevantes promessas.<\/p>\n<p>Apesar de satisfeito com a sua mesquinha gratifica\u00e7\u00e3o e desvairado no seu esp\u00edrito ambicioso, Judas amava o Messias e esperava ansiosamente o instante do triunfo para lhe dar a alegria da vit\u00f3ria crist\u00e3, atrav\u00e9s das manobras pol\u00edticas do mundo.<\/p>\n<p>O pr\u00eamio da vaidade, por\u00e9m, esperava a sua desmedida ambi\u00e7\u00e3o.<\/p>\n<p>Humilhado e escarnecido, seu Mestre bem-amado foi conduzido \u00e0 cruz da ignom\u00ednia, sob Vilip\u00eandios e flagela\u00e7\u00f5es.<\/p>\n<p>Daqueles l\u00e1bios, que haviam ensinado a verdade e o bem, a simplicidade e o amor, n\u00e3o chegou a escapar-se uma queixa. Martirizado na sua estrada de ang\u00fastias, o Messias s\u00f3 teve o m\u00e1ximo de perd\u00e3o para seus algozes.<\/p>\n<p>Observando os acontecimentos, que lhe contrariavam as mais \u00edntimas suposi\u00e7\u00f5es Judas Iscariotes se dirigiu a Caif\u00e1s, reclamando o cumprimento de suas promessas Os sacerdotes, por\u00e9m, ouvindo-lhe as palavras tardias, sorriram com sarcasmo. Debalde recorreu \u00e0s suas prestigiosas rela\u00e7\u00f5es de amizade: teve de reconhecer a falibilidade das promessas humanas Atormentado e aflito, buscou os companheiros de f\u00e9. Encontrou-os vencidos e humilhado. Pareceu-lhe, Por\u00e9m, descobrir em cada olhar a mesma exprobra\u00e7\u00e3o silenciosa e dolorida.<\/p>\n<p>J\u00e1 se havia escoado a hora sexta, em que o Mestre expirara na cruz, implorando perd\u00e3o para seus verdugos.<\/p>\n<p>De longe, Judas contemplou todas as cenas angustiosas e humilhantes do Calv\u00e1rio. Atroz remorso lhe pungia a Consci\u00eancia dilacerada. L\u00e1grimas ardentes lhe rolavam dos Olhos tristes e amortecidos. Malgrado \u00e0 vaidade que o perdera, ele amava intensamente o Messias.<\/p>\n<p>Em breves instantes, o c\u00e9u da cidade impiedosa se cobriu de nuvens escuras e borrascosas O mau disc\u00edpulo, com um oceano de dor na Consci\u00eancia peregrinou em derredor do casario maldito, acalentando o prop\u00f3sito de desertar do mundo, numa Suprema trai\u00e7\u00e3o aos compromissos mais sagrados de sua vida.<\/p>\n<p>Antes, por\u00e9m, de executar seus planos tenebrosos, junto \u00e0 figueira sinistra, ouvia a voz amargurada do seu tremendo remorso.<\/p>\n<p>Rel\u00e2mpagos terr\u00edveis rasgavam o firmamento; trov\u00f5es violentos pareciam lan\u00e7ar sobre a terra criminosa a maldi\u00e7\u00e3o do c\u00e9u vilipendiado e esquecido.<\/p>\n<p>Mas, sobre todas as vozes confusas da Natureza, o disc\u00edpulo infeliz escutava a voz do Mestre, consoladora e inesquec\u00edvel, penetrando-lhe os<b> <\/b>refolhos mais \u00edntimos da alma:<\/p>\n<p>\u201cEu sou o Caminho, a Verdade e a Vida.<\/p>\n<p>Ningu\u00e9m pode ir ao Pai, sen\u00e3o por mim! &#8230;<\/p>\n","protected":false},"excerpt":{"rendered":"<p>(da Obra &#8220;Boa Nova&#8221; de Humberto de Campos, psicografada por Chico Xavier) Jesus havia chegado a Jerusal\u00e9m sob uma chuva de flores. De tarde, ap\u00f3s a consagra\u00e7\u00e3o popular, caminhavam Tiago e Judas, lado a lado, por uma estrada antiga, marginada &hellip; <a href=\"https:\/\/xn--regeneraoplanetria-dsb6a7f.com.br\/index.php\/boa-nova-1\/24-a-ilusao-do-discipulo\/\">Continue lendo <span class=\"meta-nav\">&rarr;<\/span><\/a><\/p>\n","protected":false},"author":1,"featured_media":0,"parent":548,"menu_order":0,"comment_status":"open","ping_status":"open","template":"","meta":{"footnotes":""},"class_list":["post-1088","page","type-page","status-publish","hentry"],"_links":{"self":[{"href":"https:\/\/xn--regeneraoplanetria-dsb6a7f.com.br\/index.php\/wp-json\/wp\/v2\/pages\/1088","targetHints":{"allow":["GET"]}}],"collection":[{"href":"https:\/\/xn--regeneraoplanetria-dsb6a7f.com.br\/index.php\/wp-json\/wp\/v2\/pages"}],"about":[{"href":"https:\/\/xn--regeneraoplanetria-dsb6a7f.com.br\/index.php\/wp-json\/wp\/v2\/types\/page"}],"author":[{"embeddable":true,"href":"https:\/\/xn--regeneraoplanetria-dsb6a7f.com.br\/index.php\/wp-json\/wp\/v2\/users\/1"}],"replies":[{"embeddable":true,"href":"https:\/\/xn--regeneraoplanetria-dsb6a7f.com.br\/index.php\/wp-json\/wp\/v2\/comments?post=1088"}],"version-history":[{"count":0,"href":"https:\/\/xn--regeneraoplanetria-dsb6a7f.com.br\/index.php\/wp-json\/wp\/v2\/pages\/1088\/revisions"}],"up":[{"embeddable":true,"href":"https:\/\/xn--regeneraoplanetria-dsb6a7f.com.br\/index.php\/wp-json\/wp\/v2\/pages\/548"}],"wp:attachment":[{"href":"https:\/\/xn--regeneraoplanetria-dsb6a7f.com.br\/index.php\/wp-json\/wp\/v2\/media?parent=1088"}],"curies":[{"name":"wp","href":"https:\/\/api.w.org\/{rel}","templated":true}]}}