{"id":1482,"date":"2013-08-18T18:54:02","date_gmt":"2013-08-18T21:54:02","guid":{"rendered":"http:\/\/xn--regeneraoplanetria-dsb6a7f.com.br\/?page_id=1482"},"modified":"2013-08-18T18:54:02","modified_gmt":"2013-08-18T21:54:02","slug":"nosso-filhos-nossas-joias-mais-preciosas","status":"publish","type":"page","link":"https:\/\/xn--regeneraoplanetria-dsb6a7f.com.br\/index.php\/os-vicios\/nosso-filhos-nossas-joias-mais-preciosas\/","title":{"rendered":"Nosso filhos, nossas j\u00f3ias mais preciosas."},"content":{"rendered":"<p>Jorge Hessen<\/p>\n<p>Quando o assunto \u00e9 &#8220;drogas&#8221;, percebemos que h\u00e1 um n\u00famero bastante significativo de pessoas que, instantaneamente, associam essa palavra aos produtos cujo consumo n\u00e3o nos \u00e9 l\u00edcito, quais sejam: a maconha, a coca\u00edna, o crack, etc&#8230;. No entanto, esquecem-se de que, tanto do ponto de vista f\u00edsico quanto espiritual, outros produtos t\u00f3xicos, e de livre com\u00e9rcio, s\u00e3o t\u00e3o prejudiciais ou mais perniciosos, at\u00e9, do que aqueles, como, por exemplo: a bebida alco\u00f3lica, o cigarro, as dr\u00e1geas confeccionadas em laborat\u00f3rios, etc.. Quantos lares s\u00e3o desfeitos e quantos crimes s\u00e3o cometidos, cuja causa prov\u00e9m de estados de embriagu\u00eas? Quantas doen\u00e7as incur\u00e1veis s\u00e3o diagnosticadas em pessoas que se lan\u00e7aram \u00e0 autocrueldade, pela depend\u00eancia da nicotina? Portanto, o fato de a subst\u00e2ncia ser legal ou ilegal n\u00e3o tem uma rela\u00e7\u00e3o direta com o perigo que oferece.<\/p>\n<p>Quantas fam\u00edlias desejariam que reinasse, nas pessoas a quem muito amam, a serenidade frente \u00e0s crises que enfrentam na vida, e quantas gostariam que inexistissem h\u00e1bitos autodestrutivos que, equivocadamente, adotam como suposta solu\u00e7\u00e3o de seus problemas, causando dor e sofrimento a si mesmas e ao grupo familiar a que pertencem?<\/p>\n<p>Aqueles que j\u00e1 se iniciaram nos maus v\u00edcios, mas ainda n\u00e3o estabeleceram um n\u00edvel de intimidade maior com as drogas, os pais podem e devem ampar\u00e1-los com serenidade, ajudando-os, fundamentalmente, a n\u00e3o se tornarem dependentes dessas subst\u00e2ncias t\u00f3xicas, al\u00e9m de lhes ensinar a manterem acesa a chama da esperan\u00e7a, incutindo neles a id\u00e9ia de que est\u00e3o, apenas, vivendo momentos dif\u00edceis de ajuste da alma em desalinho. Em raz\u00e3o disso, n\u00e3o devemos abandon\u00e1-los \u00e0 pr\u00f3pria sorte, pois ningu\u00e9m se lan\u00e7a ao v\u00edcio para ser infeliz, uma vez que todos almejam a felicidade.<\/p>\n<p>Para todo dependente qu\u00edmico existe um tratamento espec\u00edfico. Quando a depend\u00eancia \u00e9 \u00fanica e exclusivamente f\u00edsica, esta \u00e9 anunciada nas crises de abstin\u00eancia com rea\u00e7\u00f5es de menor express\u00e3o, e a cura \u00e9 relativamente f\u00e1cil. Por\u00e9m, quando a depend\u00eancia \u00e9 psicol\u00f3gica, as rea\u00e7\u00f5es s\u00e3o bem mais agressivas, e a cura requer muito mais tempo. Da\u00ed a necessidade da compaix\u00e3o, da ren\u00fancia e do irrestrito afeto familiar.<\/p>\n<p>Os filhos, quando crian\u00e7as, registram em seu psiquismo todas as atitudes dos pais, tanto as boas quanto as m\u00e1s, manifestadas na intimidade do lar. Crescem, observando os adultos utilizando tranquilizantes ao menor sinal de tens\u00e3o ou nervosismo e, quase que imediatamente, presenciam os primeiros sinais de serenidade e equil\u00edbrio exercidos pela a\u00e7\u00e3o do medicamento. Quando ouvem os pais se referirem a uma x\u00edcara de caf\u00e9 para se sentirem estimulados ou a um cigarro para se sentirem mais calmos, essas cenas passam a existir, por muito tempo, em seus escaninhos mentais e, quando se defrontam com as primeiras dificuldades, inerentes a todo ser em evolu\u00e7\u00e3o, buscam nas drogas a pretensa harmonia existencial.<\/p>\n<p>S\u00e3o atentos, igualmente, \u00e0s atitudes dos pais dos amigos com os quais se relacionam e a contradi\u00e7\u00e3o, ent\u00e3o, transparece, posto que muitos deles t\u00eam maneiras diversas de lidar com um filho. Alguns s\u00e3o totalmente contra o uso de quaisquer drogas, legalizadas ou n\u00e3o, mas a maioria considera socialmente aceit\u00e1vel o consumo de bebidas alco\u00f3licas, o v\u00edcio do cigarro, o uso de &#8220;energ\u00e9ticos&#8221;, etc.<\/p>\n<p>Isso tudo, sem falar no grave problema dos benzodiazep\u00ednicos, barbit\u00faricos e metadona, cuja ingest\u00e3o permanente pode causar depend\u00eancia como qualquer outra droga alucin\u00f3gena ou n\u00e3o. Na verdade, as drogas n\u00e3o deveriam ser avaliadas, tendo por base a ilegalidade ou legalidade, mas pelos malef\u00edcios que elas acarretam \u00e0 sa\u00fade. Os adultos t\u00eam sempre &#8220;desculpas de ocasi\u00e3o&#8221; e formas de justificar esses comportamentos paradoxais.<\/p>\n<p>Contudo, trata-se de um modelo de comportamento que n\u00e3o serve de referencial a algu\u00e9m, muito menos \u00e0queles que s\u00e3o adeptos aos moldes que Jesus nos veio ensinar.<\/p>\n<p>Foi na d\u00e9cada de 60 que surgiram os tranq\u00fcilizantes chamados, cientificamente, de &#8220;ansiol\u00edticos&#8221;, destinados a combater estados de ansiedade, ou melhor, combater estados de desordens ps\u00edquicas e quest\u00f5es emocionais da vida cotidiana. O problema ganha propor\u00e7\u00f5es imensur\u00e1veis, quando pesquisas atuais apontam que uma das tais drogas, o diazepan, tornou-se um dos &#8220;remedinhos&#8221; mais vendidos da atualidade. A prop\u00f3sito, cabe aqui ressaltar que profissionais competentes e respeitados, ligados \u00e0 sa\u00fade mental, que diariamente lidam com as emo\u00e7\u00f5es humanas, j\u00e1 consideram que prescreve-los equivale \u00e0 clara admiss\u00e3o de um fracasso terap\u00eautico da psiquiatria.<\/p>\n<p>H\u00e1 aqueles que, ao menor sinal de ang\u00fastia, de desconforto, lan\u00e7am m\u00e3o de um &#8220;remedinho&#8221;, de uma &#8220;cervejinha&#8221;, de um &#8220;cafezinho&#8221;, de um &#8220;cigarrinho&#8221;, para aplacar a ansiedade de forma quase que instant\u00e2nea. Esse \u00e9 o princ\u00edpio b\u00e1sico de paradigma de comportamento dependente, que observamos em um imenso n\u00famero de adultos e pais, no qual, sem &#8220;desconfi\u00f4metros&#8221;, est\u00e3o mergulhados. Destarte, introjetam no inconsciente dos filhos, alunos, e jovens em geral, a id\u00e9ia de que os problemas podem ser resolvidos, como que por um passe de m\u00e1gica, com a &#8220;ajudazinha&#8221; de uma &#8220;substanciazinha&#8221;, origin\u00e1ria da cana-de-ac\u00facar, denominada \u00e1lcool; de uma &#8220;plantinha&#8221; inocente, do g\u00eanero nicotiana (solanaceae), conhecida por tabaco, de um &#8220;alcaloidezinho&#8221;, tamb\u00e9m inofensivo, conhecido por cafe\u00edna, e assim por diante.<\/p>\n<p>Por\u00e9m, todos atuam sobre o sistema nervoso central e alteram todo o metabolismo do indiv\u00edduo, igualmente.<\/p>\n<p>Para muitos psic\u00f3logos, se a quest\u00e3o &#8220;drogas&#8221; fosse abordada de forma adequada ao n\u00edvel de compreens\u00e3o da crian\u00e7a ou do adolescente, deixando de ser algo secreto e misterioso, perderia muito de seus atrativos. Para outros especialistas, o fato de um jovem experimentar drogas n\u00e3o faz dele um dependente. Sim, por\u00e9m, como ningu\u00e9m tem como monitorar o que se passa nas id\u00e9ias das pessoas, e muito menos pela cabecinha de um adolescente, mesmo porque, em se tratando de &#8220;drogas&#8221;, a atitude dos jovens \u00e9 extremamente silenciosa, principalmente porque todos eles sabem o quanto a sociedade discrimina quem com elas se afiniza, experimentar n\u00e3o constitui problema algum \u00e0queles que t\u00eam suas emo\u00e7\u00f5es bem ajustadas no momento da curiosidade, mas, para outros, n\u00e3o t\u00e3o bem estruturados psicologicamente, experimentar \u00e9 sin\u00f4nimo de &#8220;continuar experimentando&#8221; sempre e a qualquer hora.<\/p>\n<p>Por esta raz\u00e3o, os pais devem estar sempre atentos e, incansavelmente, buscando um di\u00e1logo franco com os filhos, sobretudo, amando-os, independentemente, de como se situam na escala evolutiva. Os pais n\u00e3o se devem desesperar, mormente no mundo de hoje. A melhor maneira de tentar neutralizar a atra\u00e7\u00e3o que as drogas exercem ser\u00e1 estimular os jovens a experimentar formas n\u00e3o-qu\u00edmicas de obten\u00e7\u00e3o de prazer. Os &#8220;baratos&#8221; podem ser obtidos atrav\u00e9s de atividades intelectuais, art\u00edsticas, esportivas, etc&#8230;. Cabe aos adultos tentar conhecer melhor os jovens para estimul\u00e1-los a experimentar formas mais criativas de obter prazer e sensa\u00e7\u00f5es intensas, mas dando-lhes exemplos de sobriedade. (1)<\/p>\n<p>Coincidentemente, ou n\u00e3o, os jovens que dependem exageradamente dos t\u00f3xicos, s\u00e3o pouco amados pelos pais, sentem-se deslocados no grupo familiar ou se consideram pouco atraentes, etc&#8230;. Por estas e muitas outras raz\u00f5es, os pais devem transmitir seguran\u00e7a aos filhos atrav\u00e9s do afeto e do carinho constantes. Afinal, todo ser humano necessita ser amado, gostado, mesmo tendo consci\u00eancia de seus defeitos, dificuldades e de suas reais diferen\u00e7as.<\/p>\n<p>A cren\u00e7a de que a felicidade pode ser comprada num &#8220;Shopping Center&#8221; e que decep\u00e7\u00f5es, ang\u00fastias, tristezas e solid\u00e3o t\u00eam que ser evitadas a qualquer custo, consubstanciam o modelito de rela\u00e7\u00e3o que os dependentes qu\u00edmicos (consumidores) estabelecem com as drogas (produtos). Urge que lhes desmistifiquemos a f\u00f3rmula imposta pela sociedade aos indiv\u00edduos, de que a melhor maneira de se viver se constitui na s\u00edndrome do consumismo extravagante e exagerado.<\/p>\n<p>Importa que os pais se lembrem de que conflitos e atos de rebeldia fazem parte da instabilidade emocional, natural na adolesc\u00eancia e estes n\u00e3o s\u00e3o indicadores precisos de que os filhos estejam envolvidos com as drogas. Desse modo, conv\u00e9m que d\u00eaem um voto de confian\u00e7a aos filhos e constituam com eles uma inexpugn\u00e1vel parceria, alicer\u00e7ada na credibilidade m\u00fatua e no respeito \u00e0 vida. A autoridade dos pais (2) n\u00e3o somente \u00e9 aceita pela maioria das crian\u00e7as e adolescentes, sobretudo quando presenciam, no ambiente familiar, a confian\u00e7a e o afeto, mas, tamb\u00e9m, \u00e9 extremamente necess\u00e1ria, para que n\u00e3o se sintam inseguros na vida ou que os pap\u00e9is que competem a cada um, n\u00e3o se invertam.<\/p>\n<p>Outro posicionamento a ser observado \u00e9 nunca partir para atitudes extremas, como, por exemplo: viol\u00eancia verbal, viol\u00eancia f\u00edsica ou, ainda, movidos por extrema impaci\u00eancia, expulsar um filho de casa. Qualquer ato precipitado dos pais poder\u00e1 reverter contra eles mesmos, futuramente, e lan\u00e7\u00e1-los \u00e0 dor do arrependimento tardio. \u00c9 \u00f3bvio que cada caso \u00e9 um caso, mas jamais partir para qualquer solu\u00e7\u00e3o mais severa, sem antes esgotar todas as possibilidades fraternas de ajuste, de bondade, de solidariedade humana, de ren\u00fancia, dispon\u00edveis no \u00e2mago dos cora\u00e7\u00f5es dos que se dizem fi\u00e9is aos ensinamentos do Cristo Jesus. Conv\u00e9m que n\u00e3o se esque\u00e7am, principalmente, de que a ora\u00e7\u00e3o fervorosa \u00e9 a mais poderosa ferramenta de que o homem disp\u00f5e como solu\u00e7\u00e3o contra quaisquer sugest\u00f5es do mal.<\/p>\n<p>Por falar em solu\u00e7\u00e3o, existem v\u00e1rias maneiras paralelas de ajuda aos que dependem da droga: tratamento m\u00e9dico; terapias cognitivas e comportamentais; psicoterapias; grupos de auto-ajuda, a considerar: Alco\u00f3licos An\u00f4nimos, Narc\u00f3ticos An\u00f4nimos, etc&#8230;. Na opini\u00e3o dos experts, especialistas da \u00e1rea, o tratamento do dependente de drogas n\u00e3o requer interna\u00e7\u00e3o, na grande maioria dos casos, pois as respostas n\u00e3o t\u00eam sido favor\u00e1veis a que eles apresentem melhora nessas condi\u00e7\u00f5es de isolamento, distantes do conv\u00edvio familiar. Muito pelo contr\u00e1rio, constatam a inefici\u00eancia do tratamento nessas condi\u00e7\u00f5es, com um significativo aumento do consumo, a que os dependentes se lan\u00e7am, ap\u00f3s sa\u00edrem da cl\u00ednica.<\/p>\n<p>A quest\u00e3o \u00e9 de educa\u00e7\u00e3o na fam\u00edlia cristalizada, na escola enobrecida, na comunidade honrada, e n\u00e3o nas pol\u00edticas de repress\u00e3o policial, estabelecendo mais viol\u00eancia do que solu\u00e7\u00e3o. Todos n\u00f3s sabemos que viol\u00eancia gera viol\u00eancia. As fam\u00edlias que se deparam com um drama desses no lar, em primeiro lugar devem procurar for\u00e7as em Deus, Pai misericordioso e justo, e em Jesus, porque Ele n\u00e3o veio somente para os s\u00e3os, mas, fundamentalmente, para os enfermos; em segundo lugar, n\u00e3o devem se acovardar diante do fato em si, pois, por tr\u00e1s de toda queda moral existe um grito rec\u00f4ndito de &#8220;socorro!&#8221;. Conversemos, esclare\u00e7amos, orientemos e assistamos os que se hajam tornado v\u00edtimas das drogas, procurando os recursos competentes da Medicina como da Doutrina Esp\u00edrita, a fim de conseguirmos a reeduca\u00e7\u00e3o e a felicidade daqueles que a Lei Divina nos confiou para a nossa e a ventura deles. (3)<\/p>\n<p>\u00c9 importante que os pais ensinem seus filhinhos queridos a manterem permanente vigil\u00e2ncia pela ora\u00e7\u00e3o embasada numa f\u00e9 raciocinada e o Espiritismo prop\u00f5e, dentre outras b\u00ean\u00e7\u00e3os, o fortalecimento e o equil\u00edbrio mental. Uma coisa \u00e9 certa: o Espiritismo n\u00e3o prop\u00f5e solu\u00e7\u00f5es espec\u00edficas, reprimindo ou regulamentando cada atitude, nem dita f\u00f3rmulas m\u00e1gicas de bom comportamento aos jovens.<\/p>\n<p>Prefere acatar, em toda sua amplitude, os dispositivos da lei divina, que asseguram a todos o direito de escolha (o livre-arb\u00edtrio) e a responsabilidade conseq\u00fcente de seus atos.<\/p>\n<p>Sob o enfoque esp\u00edrita, sabemos que irm\u00e3ozinhos nossos do mundo espiritual que usaram drogas enquanto encarnados, muitos ainda continuam escravos do v\u00edcio.<\/p>\n<p>Unem-se aos seus afins, os viciados encarnados, imantando-se nos seus perisp\u00edritos, para sorverem as emana\u00e7\u00f5es perniciosas provenientes do uso das drogas.<\/p>\n<p>As energias delet\u00e9rias dos viciados do al\u00e9m podem, a longo prazo, causar, nos viciados de &#8220;c\u00e1&#8221;, dist\u00farbios org\u00e2nicos graves, como: c\u00e2ncer de pulm\u00e3o, problemas no f\u00edgado, no aparelho circulat\u00f3rio, no sangue, no sistema respirat\u00f3rio, no c\u00e9rebro e nas c\u00e9lulas, principalmente as neuroniais (4), devido ao enfraquecimento dos centros vitais do viciado, ainda encarnado. Os efeitos destruidores da obsess\u00e3o e das drogas s\u00e3o t\u00e3o intensos que extrapolam os limites do organismo f\u00edsico do viciado, alcan\u00e7ando e comprometendo, substancialmente, o equil\u00edbrio e a pr\u00f3pria funcionalidade do seu perisp\u00edrito. Se a morte os surpreender, antes mesmo de se regenerarem, conservam, na espiritualidade, os estigmas da pr\u00e1tica nociva que os levou \u00e0 degenera\u00e7\u00e3o dos seus respectivos centros vitais, vis\u00edveis no perisp\u00edrito.<\/p>\n<p>Por todas essas raz\u00f5es, precisamos aprender a servir e perdoar; socorrer e ajudar os jovens entre as paredes do lar, sustentando o equil\u00edbrio dos cora\u00e7\u00f5es que se nos associam \u00e0 exist\u00eancia e, se nos entregarmos realmente no combate \u00e0 deser\u00e7\u00e3o do bem, reconheceremos os prod\u00edgios que se obt\u00eam dos pequenos sacrif\u00edcios em casa por bases da terap\u00eautica do amor. (5)<\/p>\n<p>Confiemos em Deus, primeiramente, e optemos, pois, pela dr\u00e1gea do afeto, o comprimido do carinho, a gota de ren\u00fancia, o ch\u00e1 do amor em fam\u00edlia, por serem os mais eficazes rem\u00e9dios na cura das patologias de quaisquer proced\u00eancias. Esses medicamentos consubstanciam-se pela maior aten\u00e7\u00e3o dos pais para com os filhos, demonstrados pela sadia preocupa\u00e7\u00e3o que t\u00eam com a forma\u00e7\u00e3o moral deles e o suprimento de suas necessidades afetivas.<\/p>\n<p>Fiquemos alerta! Nossos filhos s\u00e3o a j\u00f3ia mais rara e preciosa que possu\u00edmos, n\u00e3o os abandonemos!<\/p>\n<p>Jorge Hessen<\/p>\n<p>E-Mail: jorgehessen@gmail.com<\/p>\n<p>Site: http:\/\/jorgehessen.net<\/p>\n<p>FONTES:<\/p>\n<p>(1) Dispon\u00edvel no site\u00a0<a href=\"http:\/\/www.senado.gov.br\/publica\u00e7\u00f5es\">www.senado.gov.br\/publica\u00e7\u00f5es<\/a>\u00a0acessado em 08\/09\/2007<\/p>\n<p>(2) Autoridade n\u00e3o deve ser confundida com autoritarismo, arbitrariedade ou rigidez<\/p>\n<p>(3) Franco, Divaldo Pereira. &#8220;Ap\u00f3s a Tempestade&#8221;, ditado pelo esp\u00edrito Joanna de Angelis. Bahia: Editora LEAL, 2\u00aa Edi\u00e7\u00e3o<\/p>\n<p>(4) Os neur\u00f4nios guardam rela\u00e7\u00e3o \u00edntima com o perisp\u00edrito, segundo Andr\u00e9 Luiz em &#8220;Mecanismos da Mediunidade&#8221;<\/p>\n<p>(5) Xavier, Francisco C\u00e2ndido. &#8220;Caminhos de Volta&#8221; &#8211;<\/p>\n<p>Esp\u00edritos Diversos<\/p>\n","protected":false},"excerpt":{"rendered":"<p>Jorge Hessen Quando o assunto \u00e9 &#8220;drogas&#8221;, percebemos que h\u00e1 um n\u00famero bastante significativo de pessoas que, instantaneamente, associam essa palavra aos produtos cujo consumo n\u00e3o nos \u00e9 l\u00edcito, quais sejam: a maconha, a coca\u00edna, o crack, etc&#8230;. No entanto, &hellip; <a href=\"https:\/\/xn--regeneraoplanetria-dsb6a7f.com.br\/index.php\/os-vicios\/nosso-filhos-nossas-joias-mais-preciosas\/\">Continue lendo <span class=\"meta-nav\">&rarr;<\/span><\/a><\/p>\n","protected":false},"author":1,"featured_media":0,"parent":1019,"menu_order":0,"comment_status":"open","ping_status":"open","template":"","meta":{"footnotes":""},"class_list":["post-1482","page","type-page","status-publish","hentry"],"_links":{"self":[{"href":"https:\/\/xn--regeneraoplanetria-dsb6a7f.com.br\/index.php\/wp-json\/wp\/v2\/pages\/1482","targetHints":{"allow":["GET"]}}],"collection":[{"href":"https:\/\/xn--regeneraoplanetria-dsb6a7f.com.br\/index.php\/wp-json\/wp\/v2\/pages"}],"about":[{"href":"https:\/\/xn--regeneraoplanetria-dsb6a7f.com.br\/index.php\/wp-json\/wp\/v2\/types\/page"}],"author":[{"embeddable":true,"href":"https:\/\/xn--regeneraoplanetria-dsb6a7f.com.br\/index.php\/wp-json\/wp\/v2\/users\/1"}],"replies":[{"embeddable":true,"href":"https:\/\/xn--regeneraoplanetria-dsb6a7f.com.br\/index.php\/wp-json\/wp\/v2\/comments?post=1482"}],"version-history":[{"count":0,"href":"https:\/\/xn--regeneraoplanetria-dsb6a7f.com.br\/index.php\/wp-json\/wp\/v2\/pages\/1482\/revisions"}],"up":[{"embeddable":true,"href":"https:\/\/xn--regeneraoplanetria-dsb6a7f.com.br\/index.php\/wp-json\/wp\/v2\/pages\/1019"}],"wp:attachment":[{"href":"https:\/\/xn--regeneraoplanetria-dsb6a7f.com.br\/index.php\/wp-json\/wp\/v2\/media?parent=1482"}],"curies":[{"name":"wp","href":"https:\/\/api.w.org\/{rel}","templated":true}]}}