{"id":190,"date":"2013-02-23T07:55:42","date_gmt":"2013-02-23T10:55:42","guid":{"rendered":"http:\/\/xn--regeneraoplanetria-dsb6a7f.com.br\/?page_id=190"},"modified":"2013-03-09T11:41:48","modified_gmt":"2013-03-09T14:41:48","slug":"comunicacao-de-bezerra-1969","status":"publish","type":"page","link":"https:\/\/xn--regeneraoplanetria-dsb6a7f.com.br\/index.php\/entrivistas\/comunicacao-de-bezerra-1969\/","title":{"rendered":"Comunica\u00e7\u00e3o de Bezerra 1969"},"content":{"rendered":"<p>(Comunica\u00e7\u00e3o recebida em 06\/12\/1969 pelo m\u00e9dium Francisco C\u00e2ndido Xavier, transcrita do livro &#8220;Bezerra de Menezes, Ontem e Hoje&#8221;, compilado pela FEB sob coordena\u00e7\u00e3o de Juvanir Borges de Souza)<\/p>\n<p>Filhos, o Senhor nos aben\u00e7oe.<\/p>\n<p>Efetivamente, as vossas responsabilidades no plano terrestre vos concitam ao trabalho \u00e1rduo no que se refere \u00e0 implanta\u00e7\u00e3o das id\u00e9ias libertadoras da Doutrina Esp\u00edrita, que fomos trazidos a servir. Em verdade, n\u00f3s outros, os amigos desencarnados, at\u00e9 certo ponto, nos erigimos em companheiros da inspira\u00e7\u00e3o, mas as realidades objetivas s\u00e3o vossas, enquanto desfrutardes as prerrogativas da encarna\u00e7\u00e3o.<\/p>\n<p>Compreendamos, assim, que a vossa tarefa na divulga\u00e7\u00e3o do Espiritismo \u00e9 a\u00e7\u00e3o gigantesca, de que vos n\u00e3o ser\u00e1 l\u00edcito retirar a aten\u00e7\u00e3o.<\/p>\n<p>Nesse aspecto do assunto, urge considerarmos o impositivo da distribui\u00e7\u00e3o equitativa e plena dos valores espirituais, tanto quanto poss\u00edvel, a benef\u00edcio de todos.<\/p>\n<p>Devotemo-nos \u00e0 c\u00fapula, de vez que em qualquer edifica\u00e7\u00e3o o teto \u00e9 a garantia da obra, no entanto, \u00e9 for\u00e7oso recordar que a edifica\u00e7\u00e3o \u00e9 de serventia ou deve servir \u00e0 viv\u00eancia de quantos integram no lar a composi\u00e7\u00e3o dom\u00e9stica.\u00a0 Em Doutrina Esp\u00edrita, encontramos a Terra toda por lar de nossas realiza\u00e7\u00f5es comunit\u00e1rias e, por isso mesmo, a c\u00fapula das id\u00e9ias \u00e9 conclamada a exercer a posi\u00e7\u00e3o de cobertura generosa e ben\u00e9fica, em aux\u00edlio da coletividade.<\/p>\n<p>N\u00e3o vos isoleis em quaisquer pontos de vista, sejam eles quais forem.<\/p>\n<p>Estudai todos os temas da humanidade e ajustai-vos ao progresso, cujo carro prossegue em marcha irrevers\u00edvel.<\/p>\n<p>Observai tudo e selecionai os ingredientes que vos pare\u00e7am necess\u00e1rios ao bem geral. Nem segrega\u00e7\u00e3o na cultura acad\u00eamica nem reclus\u00e3o nas afirmativas do sentimento.<\/p>\n<p>Vivemos um grande minuto na exist\u00eancia planet\u00e1ria, no qual a civiliza\u00e7\u00e3o, para sobreviver, h\u00e1 de al\u00e7ar o cora\u00e7\u00e3o ao n\u00edvel do c\u00e9rebro e controlar o c\u00e9rebro, de tal modo que o cora\u00e7\u00e3o n\u00e3o seja sufocado pelas aventuras da intelig\u00eancia.<\/p>\n<p>Equil\u00edbrio e justi\u00e7a. Harmonia e compreens\u00e3o.<\/p>\n<p>Nesse sentido, saibamos orientar a palavra esp\u00edrita no rumo do entendimento fraternal.<\/p>\n<p>Todos necessitamos de sua luz renovadora.<\/p>\n<p>Imperioso, desse modo, saber conduzi-la, atrav\u00e9s das tempestades que sacodem o mundo de hoje, em todos os distritos da opini\u00e3o.<\/p>\n<p>Congreguemos todos os companheiros na mesma forma\u00e7\u00e3o de trabalho, conquanto se nos fa\u00e7a imprescind\u00edvel a sustenta\u00e7\u00e3o de cada um no encargo que lhe compete.<\/p>\n<p>Nenhuma inclina\u00e7\u00e3o \u00e0 desordem, a pretexto de manter coes\u00e3o, e nenhum endosso \u00e0 viol\u00eancia sob a desculpa de progresso.<\/p>\n<p>Todos precisamos penetrar no conhecimento da responsabilidade de viver e sentir, pensar e fazer.<\/p>\n<p>Os melhores necessitam do Espiritismo para n\u00e3o perderem o seu pr\u00f3prio gabarito nos dom\u00ednios da eleva\u00e7\u00e3o; os companheiros da retaguarda evolutiva necessitam dele para se altearem de condi\u00e7\u00e3o. Os felizes reclamam-lhe o amparo, a fim de n\u00e3o se desmandarem nas facilidades que transitoriamente lhes enfeitam as horas, e os menos felizes pedem-lhe o socorro, a fim de se apoiarem na certeza do futuro melhor; os mais jovens solicitam-lhe os avisos para se organizarem perante a experi\u00eancia que lhes acena ao porvir e os companheiros amadurecidos na idade f\u00edsica esperam-lhe o aux\u00edlio para suportar com denodo e proveito as li\u00e7\u00f5es que o mundo lhes reserva na hora crepuscular.<\/p>\n<p>Assim sendo, tendes convosco todo um mundo de realiza\u00e7\u00f5es a mentalizar, preparar, levantar, construir.<\/p>\n<p>N\u00e3o nos iludamos. Hoje dispondes da a\u00e7\u00e3o, no corpo que envergais; amanh\u00e3 seremos n\u00f3s, os amigos desencarnados, que vos substituiremos na arena de servi\u00e7o.<\/p>\n<p>A nossa interdepend\u00eancia \u00e9 total.<\/p>\n<p>E, ante a nossa pr\u00f3pria imortalidade, estejamos convencidos de que voltaremos sempre \u00e0 retaguarda para corrigirmos, retificando os erros que tenhamos, acaso perpetrados.<\/p>\n<p>Mantenhamo-nos, por isso, vigilantes.<\/p>\n<p>Jesus na Revela\u00e7\u00e3o e Kardec no Esclarecimento resumem para n\u00f3s c\u00f3digos numerosos de orienta\u00e7\u00e3o e conduta.<\/p>\n<p>Estamos ainda muito longe de qualquer supera\u00e7\u00e3o, \u00e0 frente de um e outro, porque, realmente, os objetivos essenciais do Evangelho e da Codifica\u00e7\u00e3o exigem ainda muito esfor\u00e7o de nossa parte para serem, por fim, atingidos.<\/p>\n<p>Finalizando, reflitamos que sem comunica\u00e7\u00e3o n\u00e3o teremos caminho.<\/p>\n<p>Examinemos e estudemos todos os ensinos da verdade, aprendendo a criar estradas espirituais de uns para outros. Estradas que se pavimentem na compreens\u00e3o de nossas necessidades e problemas em comum, a fim de que todas as nossas indaga\u00e7\u00f5es e quest\u00f5es sejam solucionadas com efici\u00eancia e seguran\u00e7a.<\/p>\n<p>Sem interc\u00e2mbio, n\u00e3o evoluiremos; sem debate, a li\u00e7\u00e3o mora estanque no po\u00e7o da inexperi\u00eancia, at\u00e9 que o tempo lhe imponha a renova\u00e7\u00e3o. Trabalhemos servindo e sirvamos estudando e aprendendo. E guardemos a convic\u00e7\u00e3o de que, na B\u00ean\u00e7\u00e3o do Senhor, estamos e estaremos todos reunidos uns com\u00a0os outros, hoje quanto amanh\u00e3, agora como sempre.<\/p>\n<p>Fonte:\u00a0http:\/\/www.geocities.com\/espiritismo_brasil\/<\/p>\n","protected":false},"excerpt":{"rendered":"<p>(Comunica\u00e7\u00e3o recebida em 06\/12\/1969 pelo m\u00e9dium Francisco C\u00e2ndido Xavier, transcrita do livro &#8220;Bezerra de Menezes, Ontem e Hoje&#8221;, compilado pela FEB sob coordena\u00e7\u00e3o de Juvanir Borges de Souza) Filhos, o Senhor nos aben\u00e7oe. Efetivamente, as vossas responsabilidades no plano terrestre &hellip; <a href=\"https:\/\/xn--regeneraoplanetria-dsb6a7f.com.br\/index.php\/entrivistas\/comunicacao-de-bezerra-1969\/\">Continue lendo <span class=\"meta-nav\">&rarr;<\/span><\/a><\/p>\n","protected":false},"author":1,"featured_media":0,"parent":209,"menu_order":0,"comment_status":"open","ping_status":"open","template":"","meta":{"footnotes":""},"class_list":["post-190","page","type-page","status-publish","hentry"],"_links":{"self":[{"href":"https:\/\/xn--regeneraoplanetria-dsb6a7f.com.br\/index.php\/wp-json\/wp\/v2\/pages\/190","targetHints":{"allow":["GET"]}}],"collection":[{"href":"https:\/\/xn--regeneraoplanetria-dsb6a7f.com.br\/index.php\/wp-json\/wp\/v2\/pages"}],"about":[{"href":"https:\/\/xn--regeneraoplanetria-dsb6a7f.com.br\/index.php\/wp-json\/wp\/v2\/types\/page"}],"author":[{"embeddable":true,"href":"https:\/\/xn--regeneraoplanetria-dsb6a7f.com.br\/index.php\/wp-json\/wp\/v2\/users\/1"}],"replies":[{"embeddable":true,"href":"https:\/\/xn--regeneraoplanetria-dsb6a7f.com.br\/index.php\/wp-json\/wp\/v2\/comments?post=190"}],"version-history":[{"count":0,"href":"https:\/\/xn--regeneraoplanetria-dsb6a7f.com.br\/index.php\/wp-json\/wp\/v2\/pages\/190\/revisions"}],"up":[{"embeddable":true,"href":"https:\/\/xn--regeneraoplanetria-dsb6a7f.com.br\/index.php\/wp-json\/wp\/v2\/pages\/209"}],"wp:attachment":[{"href":"https:\/\/xn--regeneraoplanetria-dsb6a7f.com.br\/index.php\/wp-json\/wp\/v2\/media?parent=190"}],"curies":[{"name":"wp","href":"https:\/\/api.w.org\/{rel}","templated":true}]}}