{"id":4237,"date":"2016-06-29T21:38:08","date_gmt":"2016-06-30T00:38:08","guid":{"rendered":"http:\/\/xn--regeneraoplanetria-dsb6a7f.com.br\/?page_id=4237"},"modified":"2016-06-29T21:38:08","modified_gmt":"2016-06-30T00:38:08","slug":"2-principios-basicos","status":"publish","type":"page","link":"https:\/\/xn--regeneraoplanetria-dsb6a7f.com.br\/index.php\/o-livro-dos-espiritos\/2-principios-basicos\/","title":{"rendered":"2 &#8211; Princ\u00edpios B\u00e1sicos"},"content":{"rendered":"<p><strong>Princ\u00edpios B\u00e1sicos<\/strong><\/p>\n<p>Os fen\u00f4menos que est\u00e3o al\u00e9m das leis da ci\u00eancia comum se manifestam por toda parte e revelam na causa que os produz a a\u00e7\u00e3o de uma vontade livre e inteligente.<\/p>\n<p>A raz\u00e3o diz que um efeito inteligente deve ter como causa uma for\u00e7a inteligente, e os fatos provaram que essa for\u00e7a pode entrar em comunica\u00e7\u00e3o com os homens por meio de sinais materiais.<\/p>\n<p>Essa for\u00e7a, interrogada sobre sua natureza, declarou pertencer ao mundo dos seres espirituais que se libertaram do corpo carnal do homem. Foi assim que a Doutrina dos Esp\u00edritos foi revelada.<\/p>\n<p>As comunica\u00e7\u00f5es entre o mundo esp\u00edrita e o mundo corporal est\u00e3o na ordem natural das coisas e n\u00e3o constituem nenhum fato sobrenatural, \u00e9 por isso que seus vest\u00edgios s\u00e3o encontrados entre todos os povos e em todas as \u00e9pocas e hoje s\u00e3o comuns e evidentes para todos.<\/p>\n<p>Os Esp\u00edritos anunciam que os tempos marcados pela Provid\u00eancia para uma manifesta\u00e7\u00e3o universal chegaram e que, sendo os mensageiros de Deus e os agentes de sua vontade, sua miss\u00e3o \u00e9 instruir e esclarecer os homens ao abrir uma nova era para a regenera\u00e7\u00e3o da humanidade.<\/p>\n<p>Este livro cont\u00e9m os seus ensinamentos, foi escrito por ordem e sob o ditado dos Esp\u00edritos Superiores para estabelecer os fundamentos de uma filosofia racional, isenta dos preconceitos sistem\u00e1ticos; n\u00e3o cont\u00e9m nada que n\u00e3o seja a express\u00e3o do pensamento deles e que n\u00e3o tenha sido submetido ao seu controle. Somente a ordem e a distribui\u00e7\u00e3o met\u00f3dica das mat\u00e9rias, assim como as notas e a forma de algumas partes da reda\u00e7\u00e3o, s\u00e3o obra daquele que recebeu a miss\u00e3o de public\u00e1-lo.<\/p>\n<p>Entre os Esp\u00edritos que concorrer am para a realiza\u00e7\u00e3o desta obra, muitos viveram em diversas \u00e9pocas na Terra, onde pregaram e praticaram a virtude e a sabedoria; outros n\u00e3o pertencem, pelo nome, a nenhum personagem cuja lembran\u00e7a a hist\u00f3ria tenha guardado, mas sua eleva\u00e7\u00e3o \u00e9 atestada pela pureza dos seus ensinamentos e sua uni\u00e3o com aqueles que traz em nomes venerados.<\/p>\n<p>Eis em que ter mos nos deram por escrito, e por inter m\u00e9dio de muitos m\u00e9diuns, a miss\u00e3o de escrever este livro:<\/p>\n<p>\u201cOcupa-te com zelo e perseveran\u00e7a do trabalho que empreendeste com a nossa coopera\u00e7\u00e3o, porque esse trabalho \u00e9 nosso. Nele pusemos as bases do novo edif\u00edcio que se eleva e deve um dia reunir todos os homens num mesmo sentimento de amor e de caridade; mas antes de o publicares, n\u00f3s o reveremos em conjunto, a fim de verificar todos os seus detalhes.<\/p>\n<p>Estaremos contigo todas as vezes que o pedires e para te ajudar em todos os outros trabalhos, porque isso \u00e9 somente uma parte da miss\u00e3o que te foi confiada e que j\u00e1 te foi revelada por um de n\u00f3s.<\/p>\n<p>Entre os ensinamentos que te s\u00e3o dados, h\u00e1 alguns que deves guardar somente para ti, at\u00e9 nova ordem. N\u00f3s vamos te indicar quando o momento de public\u00e1-los tiver chegado. Enquanto esperas, examina-os e medita sobre eles, para estares pronto quando o dissermos.<\/p>\n<p>Coloca no in\u00edcio do livro a cepa de vinha que te desenhamos<a href=\"http:\/\/www.espirito.org.br\/portal\/codificacao\/le\/le-0-01.html#*\">*<\/a>, como emblema do trabalho do Criador; todos os princ\u00edpios materiais que podem melhor representar o corpo e o Esp\u00edrito est\u00e3o nela reunidos: o corpo \u00e9 a cepa; o Esp\u00edrito \u00e9 o licor; a alma ou o Esp\u00edrito unido \u00e0 mat\u00e9ria \u00e9 o bago da uva. O homem purifica o Esp\u00edrito pelo trabalho e tu sabes que \u00e9 somente pelo trabalho do corpo que o Esp\u00edrito adquire conhecimento.<\/p>\n<p>N\u00e3o te deixes desencorajar pela cr\u00edtica. Encontrar\u00e1s opositores ferozes, especialmente entre as pessoas interessadas nos abusos. Ir\u00e1s encontr\u00e1-los, tamb\u00e9m, mesmo entre os Esp\u00edritos, porque aqueles que n\u00e3o s\u00e3o completamente desmaterializados freq\u00fcentemente procuram semear a d\u00favida pela mal\u00edcia ou ignor\u00e2ncia; mas continua sempre, acredita em Deus e marcha com confian\u00e7a: aqui estaremos para te sustentar e est\u00e1 pr\u00f3ximo o tempo em que a Verdade brilhar\u00e1 por toda parte.<\/p>\n<p>A vaidade de alguns homens que acreditam saber tudo e querem explicar tudo \u00e0 sua maneira far\u00e1 surgir opini\u00f5es divergentes, mas todos que tiverem em vista o grande princ\u00edpio de Jesus v\u00e3o se irmanar num mesmo sentimento de amor ao bem e se unir por um la\u00e7o fraternal que abranger\u00e1 o mundo inteiro. Eles deixar\u00e3o de lado as disputas mesquinhas de palavras para apenas se ocupar das coisas essenciais, e a Doutrina ser\u00e1 sempre a mesma, quanto ao fundo, para todos aqueles que receberem as comunica\u00e7\u00f5es dos Esp\u00edritos Superiores.<\/p>\n<p>\u00c9 com a perseveran\u00e7a que chegar\u00e1s a recolher o fruto de teus trabalhos. O prazer que experimentar\u00e1s ao ver a Doutrina se propagar e ser compreendida ser\u00e1 uma recompensa da qual conhecer\u00e1s todo o valor, talvez mais no futuro do que no presente. N\u00e3o te inquietes, portanto, com os espinhos e as pedras que os incr\u00e9dulos ou os maus semear\u00e3o no teu caminho; conserva a confian\u00e7a: com a confian\u00e7a chegar\u00e1s ao objetivo e merecer\u00e1s ser sempre ajudado.<\/p>\n<p>Lembra-te que os bons Esp\u00edritos somente assistem aos que servem a Deus com humildade e desinteresse e repudiam todo aquele que procura no caminho do c\u00e9u um degrau para conquistar as coisas da Terra; eles se distanciam dos orgulhosos e ambiciosos. O orgulho e a ambi\u00e7\u00e3o ser\u00e3o sempre uma barreira entre o homem e Deus; s\u00e3o um v\u00e9u lan\u00e7ado sobre as claridades celestes, e Deus n\u00e3o pode se servir do cego para fazer compreender a luz.\u201d<\/p>\n<p>S\u00e3o Jo\u00e3o Evangelista, Santo Agostinho, S\u00e3o Vicente de Paulo,<br \/>\nS\u00e3o Lu\u00eds, O Esp\u00edrito da Verdade, S\u00f3crates, Plat\u00e3o,<br \/>\nF\u00e9nelon, Franklin, Swedenborg, etc.<\/p>\n<p>* A cepa (ramo de parreira) que se v\u00ea na p\u00e1g. 41 \u00e9 a reprodu\u00e7\u00e3o fiel da que foi desenhada pelos Esp\u00edritos (Nota de Kardec).<\/p>\n<p>&nbsp;<\/p>\n","protected":false},"excerpt":{"rendered":"<p>Princ\u00edpios B\u00e1sicos Os fen\u00f4menos que est\u00e3o al\u00e9m das leis da ci\u00eancia comum se manifestam por toda parte e revelam na causa que os produz a a\u00e7\u00e3o de uma vontade livre e inteligente. A raz\u00e3o diz que um efeito inteligente deve &hellip; <a href=\"https:\/\/xn--regeneraoplanetria-dsb6a7f.com.br\/index.php\/o-livro-dos-espiritos\/2-principios-basicos\/\">Continue lendo <span class=\"meta-nav\">&rarr;<\/span><\/a><\/p>\n","protected":false},"author":1,"featured_media":0,"parent":4231,"menu_order":0,"comment_status":"closed","ping_status":"closed","template":"","meta":{"footnotes":""},"class_list":["post-4237","page","type-page","status-publish","hentry"],"_links":{"self":[{"href":"https:\/\/xn--regeneraoplanetria-dsb6a7f.com.br\/index.php\/wp-json\/wp\/v2\/pages\/4237","targetHints":{"allow":["GET"]}}],"collection":[{"href":"https:\/\/xn--regeneraoplanetria-dsb6a7f.com.br\/index.php\/wp-json\/wp\/v2\/pages"}],"about":[{"href":"https:\/\/xn--regeneraoplanetria-dsb6a7f.com.br\/index.php\/wp-json\/wp\/v2\/types\/page"}],"author":[{"embeddable":true,"href":"https:\/\/xn--regeneraoplanetria-dsb6a7f.com.br\/index.php\/wp-json\/wp\/v2\/users\/1"}],"replies":[{"embeddable":true,"href":"https:\/\/xn--regeneraoplanetria-dsb6a7f.com.br\/index.php\/wp-json\/wp\/v2\/comments?post=4237"}],"version-history":[{"count":1,"href":"https:\/\/xn--regeneraoplanetria-dsb6a7f.com.br\/index.php\/wp-json\/wp\/v2\/pages\/4237\/revisions"}],"predecessor-version":[{"id":4238,"href":"https:\/\/xn--regeneraoplanetria-dsb6a7f.com.br\/index.php\/wp-json\/wp\/v2\/pages\/4237\/revisions\/4238"}],"up":[{"embeddable":true,"href":"https:\/\/xn--regeneraoplanetria-dsb6a7f.com.br\/index.php\/wp-json\/wp\/v2\/pages\/4231"}],"wp:attachment":[{"href":"https:\/\/xn--regeneraoplanetria-dsb6a7f.com.br\/index.php\/wp-json\/wp\/v2\/media?parent=4237"}],"curies":[{"name":"wp","href":"https:\/\/api.w.org\/{rel}","templated":true}]}}