{"id":4288,"date":"2016-06-29T22:12:14","date_gmt":"2016-06-30T01:12:14","guid":{"rendered":"http:\/\/xn--regeneraoplanetria-dsb6a7f.com.br\/?page_id=4288"},"modified":"2016-06-29T22:19:58","modified_gmt":"2016-06-30T01:19:58","slug":"cap-7-766-a-775-lei-de-sociedade","status":"publish","type":"page","link":"https:\/\/xn--regeneraoplanetria-dsb6a7f.com.br\/index.php\/o-livro-dos-espiritos\/5-parte-terceira-leis-morais\/cap-7-766-a-775-lei-de-sociedade\/","title":{"rendered":"Cap 07 &#8211; 766 a 775 &#8211; Lei de Sociedade"},"content":{"rendered":"<p><strong>Parte Terceira \u2013 Cap\u00edtulo 7<\/strong><\/p>\n<p><strong>Lei de Sociedade<\/strong><\/p>\n<p>Necessidade da vida social \u2013 Vida de isolamento. Voto de sil\u00eancio \u2013 La\u00e7os de fam\u00edlia<\/p>\n<p><strong>Necessidade da vida social<\/strong><\/p>\n<p><strong>766 A vida social \u00e9 uma obriga\u00e7\u00e3o natural?<\/strong><\/p>\n<p>\u2013 Certamente. Deus fez o homem para viver em sociedade. Deus deu-lhe a palavra e todas as demais faculdades necess\u00e1rias ao relacionamento.<\/p>\n<p><strong>767 O isolamento absoluto \u00e9 contr\u00e1rio \u00e0 lei natural?<\/strong><\/p>\n<p>\u2013 Sim, uma vez que os homens procuram por instinto a sociedade, para que todos possam concorrer para o progresso ao se ajudarem mutuamente.<\/p>\n<p><strong>768 O homem, ao procurar viver em sociedade, apenas obedece a um sentimento pessoal, ou h\u00e1 um objetivo providencial mais geral?<\/strong><\/p>\n<p>\u2013 O homem deve progredir, mas n\u00e3o pode fazer isso sozinho porque n\u00e3o disp\u00f5e de todas as faculdades; eis por que precisa se relacionar com outros homens. No isolamento, se embrutece e se enfraquece.<\/p>\n<p><em>\u263c<\/em> <em>Nenhum homem possui todos os conhecimentos. Pelas rela\u00e7\u00f5es sociais \u00e9 que se completam uns aos outros para assegurar seu bem estar e progredir: \u00e9 por isso que, tendo necessidade uns dos outros, s\u00e3o feitos para viver em sociedade e n\u00e3o isolados. <\/em><\/p>\n<p><strong>Vida de isolamento. Voto de sil\u00eancio<\/strong><\/p>\n<p><strong>769 Compreende-se, como princ\u00edpio geral, que a vida social fa\u00e7a parte na natureza; mas, como todos os gostos est\u00e3o tamb\u00e9m na natureza, por que o gosto pelo isolamento absoluto seria conden\u00e1vel se o homem encontra nele sua satisfa\u00e7\u00e3o? <\/strong><\/p>\n<p>\u2013 Satisfa\u00e7\u00e3o de ego\u00edsta. H\u00e1 tamb\u00e9m homens que encontram satisfa\u00e7\u00e3o em se embriagar; v\u00f3s os aprovais? Deus n\u00e3o pode ter por agrad\u00e1vel uma vida em que o homem se condena a n\u00e3o ser \u00fatil a ningu\u00e9m.<\/p>\n<p><strong>770 O que pensar dos homens que escolhem viver em reclus\u00e3o absoluta para fugir do contato nocivo do mundo?<\/strong><\/p>\n<p>\u2013 Duplo ego\u00edsmo.<\/p>\n<p><strong>770 a Mas se esse retiro tiver por objetivo uma expia\u00e7\u00e3o ao lhe impor uma priva\u00e7\u00e3o pesarosa, n\u00e3o \u00e9 merit\u00f3rio?<\/strong><\/p>\n<p>\u2013 Fazer antes o bem do que o mal \u00e9 a melhor expia\u00e7\u00e3o. Ao evitarem um mal, caem em outro, uma vez que se esquecem da lei de amor e de caridade.<\/p>\n<p><strong>771 O que pensar daqueles que fogem do mundo para se devotar ao al\u00edvio dos sofredores?<\/strong><\/p>\n<p>\u2013 Esses se elevam ao se rebaixarem. T\u00eam duplo m\u00e9rito por se colocarem acima dos prazeres materiais e por fazerem o bem cumprindo a lei do trabalho.<\/p>\n<p><strong>771 a E aqueles que procuram no retiro a tranq\u00fcilidade de que precisam para alguns trabalhos?<\/strong><\/p>\n<p>\u2013 Esse n\u00e3o \u00e9 absolutamente um retiro ego\u00edsta. Eles n\u00e3o se isolam da sociedade, uma vez que trabalham para ela.<\/p>\n<p><strong>772 O que pensar do voto de sil\u00eancio determinado por certas seitas desde a Antiguidade?<\/strong><\/p>\n<p>\u2013 Perguntai antes se a palavra \u00e9 um dom natural e porque Deus a concedeu ao homem. Deus reprova o abuso e n\u00e3o o uso das faculdades que concedeu. Entretanto, h\u00e1 momentos em que o sil\u00eancio pode ser \u00fatil. No sil\u00eancio vos concentrais; vosso Esp\u00edrito torna-se mais livre e pode ent\u00e3o entrar em comunica\u00e7\u00e3o conosco. Mas voto de sil\u00eancio \u00e9 uma tolice. Sem d\u00favida, os que consideram essas priva\u00e7\u00f5es volunt\u00e1rias como atos de virtude t\u00eam uma boa inten\u00e7\u00e3o, mas se enganam porque n\u00e3o compreendem verdadeiramente o alcance das leis de Deus.<\/p>\n<p><em>\u263c<\/em> <em>O voto de sil\u00eancio absoluto, como o de isolamento, impede o homem das rela\u00e7\u00f5es sociais que proporcionam ocasi\u00f5es de fazer o bem e cumprir a lei do progresso. <\/em><\/p>\n<p><strong>La\u00e7os de fam\u00edlia<\/strong><\/p>\n<p><strong>773 Por que, entre os animais, pais e filhos deixam de se reconhecer assim que os filhos n\u00e3o necessitam mais de cuidados?<\/strong><\/p>\n<p>\u2013 Os animais vivem vida material e n\u00e3o moral. A ternura da m\u00e3e com seus filhotes tem origem no instinto de conserva\u00e7\u00e3o de suas crias; quando eles podem cuidar de si mesmos, sua tarefa est\u00e1 cumprida, a natureza n\u00e3o exige deles mais nada; por isso os abandona, para se ocupar com os outros rec\u00e9m-chegados.<\/p>\n<p><strong>774 H\u00e1 pessoas que deduzem, do abandono dos pequenos animais por seus pais, que entre os homens os la\u00e7os de fam\u00edlia s\u00e3o apenas <\/strong>resultado dos costumes sociais e n\u00e3o uma lei natural; que devemos pensar disso?<\/p>\n<p>\u2013 O homem tem destina\u00e7\u00e3o diferente dos animais; por que, ent\u00e3o, querer se parecer com eles? Para o homem, h\u00e1 outra coisa al\u00e9m das necessidades f\u00edsicas: a necessidade do progresso. Os la\u00e7os sociais s\u00e3o necess\u00e1rios ao progresso e os de fam\u00edlia estreitam os sociais: eis por que fazem parte da lei natural. Deus quis que os homens aprendessem assim, a se amar como irm\u00e3os. (Veja a quest\u00e3o 205.)<\/p>\n<p><strong>775 Qual seria, para a sociedade, o resultado do relaxamento dos la\u00e7os de fam\u00edlia?<\/strong><\/p>\n<p>\u2013 Um agravamento do ego\u00edsmo.<\/p>\n<p>&nbsp;<\/p>\n","protected":false},"excerpt":{"rendered":"<p>Parte Terceira \u2013 Cap\u00edtulo 7 Lei de Sociedade Necessidade da vida social \u2013 Vida de isolamento. Voto de sil\u00eancio \u2013 La\u00e7os de fam\u00edlia Necessidade da vida social 766 A vida social \u00e9 uma obriga\u00e7\u00e3o natural? \u2013 Certamente. Deus fez o &hellip; <a href=\"https:\/\/xn--regeneraoplanetria-dsb6a7f.com.br\/index.php\/o-livro-dos-espiritos\/5-parte-terceira-leis-morais\/cap-7-766-a-775-lei-de-sociedade\/\">Continue lendo <span class=\"meta-nav\">&rarr;<\/span><\/a><\/p>\n","protected":false},"author":1,"featured_media":0,"parent":4274,"menu_order":0,"comment_status":"closed","ping_status":"closed","template":"","meta":{"footnotes":""},"class_list":["post-4288","page","type-page","status-publish","hentry"],"_links":{"self":[{"href":"https:\/\/xn--regeneraoplanetria-dsb6a7f.com.br\/index.php\/wp-json\/wp\/v2\/pages\/4288","targetHints":{"allow":["GET"]}}],"collection":[{"href":"https:\/\/xn--regeneraoplanetria-dsb6a7f.com.br\/index.php\/wp-json\/wp\/v2\/pages"}],"about":[{"href":"https:\/\/xn--regeneraoplanetria-dsb6a7f.com.br\/index.php\/wp-json\/wp\/v2\/types\/page"}],"author":[{"embeddable":true,"href":"https:\/\/xn--regeneraoplanetria-dsb6a7f.com.br\/index.php\/wp-json\/wp\/v2\/users\/1"}],"replies":[{"embeddable":true,"href":"https:\/\/xn--regeneraoplanetria-dsb6a7f.com.br\/index.php\/wp-json\/wp\/v2\/comments?post=4288"}],"version-history":[{"count":2,"href":"https:\/\/xn--regeneraoplanetria-dsb6a7f.com.br\/index.php\/wp-json\/wp\/v2\/pages\/4288\/revisions"}],"predecessor-version":[{"id":4306,"href":"https:\/\/xn--regeneraoplanetria-dsb6a7f.com.br\/index.php\/wp-json\/wp\/v2\/pages\/4288\/revisions\/4306"}],"up":[{"embeddable":true,"href":"https:\/\/xn--regeneraoplanetria-dsb6a7f.com.br\/index.php\/wp-json\/wp\/v2\/pages\/4274"}],"wp:attachment":[{"href":"https:\/\/xn--regeneraoplanetria-dsb6a7f.com.br\/index.php\/wp-json\/wp\/v2\/media?parent=4288"}],"curies":[{"name":"wp","href":"https:\/\/api.w.org\/{rel}","templated":true}]}}