{"id":477,"date":"2013-03-30T07:38:38","date_gmt":"2013-03-30T10:38:38","guid":{"rendered":"http:\/\/xn--regeneraoplanetria-dsb6a7f.com.br\/?page_id=477"},"modified":"2013-03-30T07:38:38","modified_gmt":"2013-03-30T10:38:38","slug":"divaldo-p-franco-transicao","status":"publish","type":"page","link":"https:\/\/xn--regeneraoplanetria-dsb6a7f.com.br\/index.php\/transicao\/divaldo-p-franco-transicao\/","title":{"rendered":"Divaldo P. Franco &#8211; Transi\u00e7\u00e3o"},"content":{"rendered":"<p><b>Entrevistas com Divaldo Franco<\/b><\/p>\n<p><i>(Do site: www.uevc.com.br)<\/i><\/p>\n<table border=\"0\" cellspacing=\"0\" cellpadding=\"0\">\n<tbody>\n<tr>\n<td valign=\"top\">\n<table width=\"0\" border=\"0\" cellpadding=\"0\">\n<tbody>\n<tr>\n<td width=\"100%\"><b>Entrevista concedida por Divaldo Franco ao Jornal O\u00e1sis, de Vit\u00f3ria da Conquista &#8211; Bahia<\/b><\/td>\n<td width=\"100%\"><\/td>\n<td width=\"100%\"><\/td>\n<td width=\"100%\"><\/td>\n<\/tr>\n<\/tbody>\n<\/table>\n<table width=\"0\" border=\"0\" cellpadding=\"0\">\n<tbody>\n<tr>\n<td valign=\"top\"><b>O\u00c1SIS<\/b>\u00a0&#8211; Como analisar a situa\u00e7\u00e3o conturbada do mundo atual, frente ao processo de transi\u00e7\u00e3o que o Planeta est\u00e1 vivendo, rumo ao est\u00e1gio de Mundo de Regenera\u00e7\u00e3o, como prega o Espiritismo?<b>DIVALDO<\/b>\u00a0&#8211; A conturba\u00e7\u00e3o que agita o nosso planeta \u00e9 resultado dos fen\u00f4menos da grande transi\u00e7\u00e3o de\u00a0<i>mundo de provas e de expia\u00e7\u00f5es<\/i>\u00a0para\u00a0<i>mundo de regenera\u00e7\u00e3o<\/i>, quando s\u00e3o aferidos os valores \u00e9ticos leg\u00edtimos em rela\u00e7\u00e3o \u00e0queles habituais e degenerativos, aos quais as criaturas humanas t\u00eam-se apegado.<\/p>\n<p>Segundo a abalizada opini\u00e3o dos Esp\u00edritos nobres a situa\u00e7\u00e3o ainda se far\u00e1 mais aflitiva em decorr\u00eancia da teimosia humana em eleger as sensa\u00e7\u00f5es vis em detrimento das emo\u00e7\u00f5es libertadoras, as heran\u00e7as do primarismo opondo-se \u00e0s b\u00ean\u00e7\u00e3os da evolu\u00e7\u00e3o.<\/p>\n<p>Logo depois, vir\u00e1 a grande paz pela qual todos anelamos.<\/p>\n<p><b>O\u00c1SIS<\/b>\u00a0&#8211; Na recep\u00e7\u00e3o do livro TRANSI\u00c7\u00c3O PLANET\u00c1RIA, ditado pelo venerando Esp\u00edrito Manoel P. de Miranda, o que mais lhe chamou a aten\u00e7\u00e3o naquela gama de informa\u00e7\u00f5es esclarecedoras?<\/p>\n<p><b>DIVALDO<\/b>\u00a0&#8211; O que mais me sensibilizou enquanto psicografava a obra citada, foi perceber o amor\u00a0 que o Pai a todos nos oferece, especialmente \u00e0queles que, sequer, vinculam-se-Lhe de alguma forma. O socorro que os Esp\u00edritos superiores v\u00e3o oferecer \u00e0s v\u00edtimas do tsunami no oceano \u00edndico, me fascinou, constatando a uni\u00e3o de diversos credos representados pelos Esp\u00edritos amorosos que se uniram para servir aos seus irm\u00e3os em sofrimento.<\/p>\n<p><b>O\u00c1SIS<\/b>\u00a0&#8211; A depress\u00e3o \u00e9 um dos grandes males que assolam a humanidade nos dias atuais. Qual a sua rela\u00e7\u00e3o com a obsess\u00e3o espiritual e como combat\u00ea-la?<\/p>\n<p><b>DIVALDO<\/b>\u00a0&#8211; Acredito, pessoalmente, que em todo transtorno depressivo existe uma influ\u00eancia obsessiva, que o desencadeia ou que o aumenta. Sendo o Esp\u00edrito encarnado o endividado, a\u00a0<i>consci\u00eancia deculpa\u00a0<\/i>torna-se um dos fatores psicog\u00eanicos para a instala\u00e7\u00e3o do dist\u00farbio psicol\u00f3gico, ampliado pela presen\u00e7a do cobrador impenitente, que se permite a loucura da vingan\u00e7a, como se as Soberanas Leis necessitassem que algu\u00e9m disso se encarregasse.<\/p>\n<p>Desse modo, as terapias preventiva como curativa, devem centrar-se na renova\u00e7\u00e3o moral do indiv\u00edduo reencarnado, no esfor\u00e7o pela sua auto-iluminar\u00e3o, no h\u00e1bito salutar da prece e da caridade, de modo a seguir em paz, reabilitando-se do mal que fez mediante o bem que vem realizando.<\/p>\n<p><b>O\u00c1SIS<\/b>\u00a0&#8211; Do ponto de vista da reencarna\u00e7\u00e3o, como analisar as pesquisas com c\u00e9lulas-tronco embrion\u00e1rias?<\/p>\n<p><b>DIVALDO<\/b>\u00a0&#8211; Toda vez quando a ci\u00eancia encontra recursos para diminuir as afli\u00e7\u00f5es humanas, os mesmos s\u00e3o inspirados pelas Esferas superiores da Vida, a fim de que a dor lentamente desapare\u00e7a da Terra, como sucedeu com o surgimento da anestesia, da assepsia, das cirurgias de transplantes, de medicamentos salvadores&#8230;<\/p>\n<p>A respeito das c\u00e9lulas tronco, as possibilidades de minimizar deformidades e regenerar defici\u00eancias ou enfermidades v\u00e1rias s\u00e3o imensas, considerando-se a forma como as mesmas se adaptam ao \u00f3rg\u00e3o onde s\u00e3o colocadas, alterando a sua configura\u00e7\u00e3o de acordo com os impositivos da a\u00e7\u00e3o do perisp\u00edrito do reencarnado na sua contribui\u00e7\u00e3o para a sa\u00fade e a renova\u00e7\u00e3o.<\/p>\n<p>Dia vir\u00e1 em que as mesmas ser\u00e3o aplicadas na maioria dos casos degenerativos e das amputa\u00e7\u00f5es com excelentes resultados na \u00e1rea da sa\u00fade. Mas, caber\u00e1 sempre aos pacientes a tarefa da transforma\u00e7\u00e3o moral,\u00a0<i>a fim de que nada pior lhes venha a acontecer&#8230;<\/i><\/p>\n<p><b>O\u00c1SIS<\/b>\u00a0&#8211; O \u00faltimo livro da benfeitora espiritual Joanna de \u00c2ngelis veio com o sugestivo t\u00edtulo\u00a0 ENTREGA-TE A DEUS. Ser\u00e1 que \u00e9 isso que est\u00e1 faltando hoje \u00e0 nossa sociedade materialista-utilitarista, que busca a felicidade nas coisas transit\u00f3rias?<\/p>\n<p><b>DIVALDO<\/b>\u00a0&#8211; Sem qualquer d\u00favida, o hedonismo que toma conta da Terra, o imediatismo das sensa\u00e7\u00f5es e dos gozos, a \u00e2nsia pelo\u00a0<i>ter<\/i>\u00a0em detrimento do\u00a0<i>ser,\u00a0<\/i>respondem pela onda de sofrimentos que avassalam os seres humanos.<\/p>\n<p>Nunca houve tanta demonstra\u00e7\u00e3o do amor de Deus \u00e0s Suas criaturas como nestes dias. Nada obstante, jamais houve tanta alucina\u00e7\u00e3o e amplia\u00e7\u00e3o da promiscuidade moral como na atualidade.<\/p>\n<p>Em raz\u00e3o disso, a benfeitora espiritual Joanna de \u00c2ngelis escreveu o seu ENTREGA-TE A DEUS, a fim de que o ser humano desperte para a sua realidade imortalista quanto antes.<\/p>\n<p><b>O\u00c1SIS<\/b>\u00a0&#8211; Os Esp\u00edritos nos dizem que as duas grandes chagas da humanidade s\u00e3o o orgulho e o ego\u00edsmo, que engendram tantos males humanos. Por que \u00e9 t\u00e3o dif\u00edcil a conquista do amor e sua viv\u00eancia?<\/p>\n<p><b>DIVALDO<\/b>\u00a0&#8211; No processo da evolu\u00e7\u00e3o antropol\u00f3gica, o psiquismo esteve mais vinculado ao instinto do que \u00e0 raz\u00e3o. Nos milh\u00f5es de anos do seu processo evolutivo, a sensa\u00e7\u00e3o foi mais desenvolvida do que a emo\u00e7\u00e3o. Somente a menos de sessenta mil anos, \u00e9 que os sentimentos se v\u00eam apresentando e bem mais recentemente surgiu a fase da raz\u00e3o&#8230; \u00c9 natural que haja predomin\u00e2ncia da sua natureza animal sobre a natureza espiritual, como bem acentua o Codificador.<\/p>\n<p>Apesar disso, j\u00e1 vivemos um per\u00edodo em que o ego\u00edsmo vai cedendo campo ao altru\u00edsmo, permanecendo com mais vigor onde medram a ignor\u00e2ncia e a selvageria que, atrav\u00e9s do tempo, ceder\u00e3o lugar ao conhecimento e ao amor.<\/p>\n<p><b>O\u00c1SIS<\/b>\u00a0&#8211; Voc\u00ea inaugurou em 1952 em Salvador,\u00a0 uma admir\u00e1vel obra s\u00f3cio-educacional, a\u00a0<b>Mans\u00e3o do Caminho<\/b>, pela qual j\u00e1 passaram milhares de seres e que atende hoje\u00a0 a 3200 crian\u00e7as e suas fam\u00edlias. O que o levou a este empreendimento t\u00e3o nobre, refer\u00eancia hoje no campo da promo\u00e7\u00e3o social humana?<\/p>\n<p><b>DIVALDO<\/b>\u00a0&#8211; Aprendi com a veneranda benfeitora Joanna de \u00c2ngelis desde os prim\u00f3rdios do nosso relacionamento l\u00facido, que a educa\u00e7\u00e3o \u00e9 o mais not\u00e1vel instrumento da evolu\u00e7\u00e3o, e que a mesma pode mudar as paisagens tristes da humanidade, abrindo campo para o dever e a conquista do bem.<\/p>\n<p>Assim, num momentoso fen\u00f4meno de desdobramento da personalidade em 1948, tive a vis\u00e3o da obra que hoje est\u00e1 concretizada, e ainda recordo-me da voz que me disse, naquela oportunidade em que me encontrava parcialmente fora do corpo e emocionado ante o que via: &#8211;\u00a0<i>Ser\u00e1s educador de almas, este \u00e9 o minist\u00e9rio que dever\u00e1s exercer.<\/i><\/p>\n<p>Desde aquele momento procurei sintonizar com as propostas psicopedag\u00f3gicas mais modernas, de modo a adaptar a Institui\u00e7\u00e3o \u00e0s exig\u00eancias do conhecimento contempor\u00e2neo, n\u00e3o me detendo no passado.<\/p>\n<p><b>O\u00c1SIS<\/b>\u00a0&#8211; Em suas andan\u00e7as pelo mundo h\u00e1 tantas d\u00e9cadas, levando o conhecimento esp\u00edrita, o que\u00a0tem lhe chamado mais a aten\u00e7\u00e3o sobre o comportamento humano?<\/p>\n<p><b>DIVALDO<\/b>\u00a0&#8211; O que mais me tem chamado a aten\u00e7\u00e3o na conviv\u00eancia com as criaturas \u00e9 a grandeza da alma (do Esp\u00edrito) humano. Em todo lugar sempre encontrei carinho e bondade, mesmo entre as pessoas agressivas. Quando sabemos compreend\u00ea-las, revelam-nos os sentimentos de amor e do bem que se lhe encontravam adormecidos.<\/p>\n<p>Vale qualquer esfor\u00e7o investir no ser humano.<\/p>\n<p><b>O\u00c1SIS<\/b>\u00a0&#8211; Como voc\u00ea v\u00ea a realiza\u00e7\u00e3o de eventos esp\u00edritas, como a Semana Esp\u00edrita de Vit\u00f3ria da Conquista, para a divulga\u00e7\u00e3o da consoladora mensagem esp\u00edrita para o grande p\u00fablico?<\/p>\n<p><b>DIVALDO<\/b>\u00a0&#8211; Esse trabalho grandioso, que tem vencido d\u00e9cadas de realiza\u00e7\u00e3o, constitui o mais eficiente meio de divulga\u00e7\u00e3o da doutrina esp\u00edrita, porque s\u00e3o utilizados todos os recursos poss\u00edveis da grande m\u00eddia para fazer que o maior n\u00famero de pessoas tome conhecimento dos valores incompar\u00e1veis do Espiritismo.<\/p>\n<p>Considero a Semana Esp\u00edrita de Vit\u00f3ria da Conquista, um dos mais grandiosos labores de ilumina\u00e7\u00e3o coletiva de consci\u00eancias, que se realiza em nosso pa\u00eds.<\/p>\n<p>Salvador, 06 de Mar\u00e7o de 2011<\/td>\n<\/tr>\n<\/tbody>\n<\/table>\n<\/td>\n<\/tr>\n<\/tbody>\n<\/table>\n","protected":false},"excerpt":{"rendered":"<p>Entrevistas com Divaldo Franco (Do site: www.uevc.com.br) Entrevista concedida por Divaldo Franco ao Jornal O\u00e1sis, de Vit\u00f3ria da Conquista &#8211; Bahia O\u00c1SIS\u00a0&#8211; Como analisar a situa\u00e7\u00e3o conturbada do mundo atual, frente ao processo de transi\u00e7\u00e3o que o Planeta est\u00e1 vivendo, &hellip; <a href=\"https:\/\/xn--regeneraoplanetria-dsb6a7f.com.br\/index.php\/transicao\/divaldo-p-franco-transicao\/\">Continue lendo <span class=\"meta-nav\">&rarr;<\/span><\/a><\/p>\n","protected":false},"author":1,"featured_media":0,"parent":342,"menu_order":0,"comment_status":"open","ping_status":"open","template":"","meta":{"footnotes":""},"class_list":["post-477","page","type-page","status-publish","hentry"],"_links":{"self":[{"href":"https:\/\/xn--regeneraoplanetria-dsb6a7f.com.br\/index.php\/wp-json\/wp\/v2\/pages\/477","targetHints":{"allow":["GET"]}}],"collection":[{"href":"https:\/\/xn--regeneraoplanetria-dsb6a7f.com.br\/index.php\/wp-json\/wp\/v2\/pages"}],"about":[{"href":"https:\/\/xn--regeneraoplanetria-dsb6a7f.com.br\/index.php\/wp-json\/wp\/v2\/types\/page"}],"author":[{"embeddable":true,"href":"https:\/\/xn--regeneraoplanetria-dsb6a7f.com.br\/index.php\/wp-json\/wp\/v2\/users\/1"}],"replies":[{"embeddable":true,"href":"https:\/\/xn--regeneraoplanetria-dsb6a7f.com.br\/index.php\/wp-json\/wp\/v2\/comments?post=477"}],"version-history":[{"count":0,"href":"https:\/\/xn--regeneraoplanetria-dsb6a7f.com.br\/index.php\/wp-json\/wp\/v2\/pages\/477\/revisions"}],"up":[{"embeddable":true,"href":"https:\/\/xn--regeneraoplanetria-dsb6a7f.com.br\/index.php\/wp-json\/wp\/v2\/pages\/342"}],"wp:attachment":[{"href":"https:\/\/xn--regeneraoplanetria-dsb6a7f.com.br\/index.php\/wp-json\/wp\/v2\/media?parent=477"}],"curies":[{"name":"wp","href":"https:\/\/api.w.org\/{rel}","templated":true}]}}