{"id":489,"date":"2013-03-31T16:20:20","date_gmt":"2013-03-31T19:20:20","guid":{"rendered":"http:\/\/xn--regeneraoplanetria-dsb6a7f.com.br\/?page_id=489"},"modified":"2013-04-22T21:48:50","modified_gmt":"2013-04-23T00:48:50","slug":"construcao-da-espiritualidade-na-medicina","status":"publish","type":"page","link":"https:\/\/xn--regeneraoplanetria-dsb6a7f.com.br\/index.php\/ciencia-e-espiritualidade\/construcao-da-espiritualidade-na-medicina\/","title":{"rendered":"Constru\u00e7\u00e3o da Espiritualidade na Medicina"},"content":{"rendered":"<p>A CONSTRU\u00c7\u00c3O DA ESPIRITUALIDADE NA MEDICINA<\/p>\n<p>&#8211; Por Dra. Marlene Nobre<\/p>\n<p>&#8211; Presidente da AME-Brasil<\/p>\n<p>&#8211; Cada vez mais, \u201cminorias criativas\u201d (1) buscam a integra\u00e7\u00e3o entre F\u00e9 e Raz\u00e3o, tendo em vista que \u00e9 imposs\u00edvel compreender o mundo, o universo e o pr\u00f3prio ser humano, sem as luzes de um paradigma, de um modelo, que contemple todas as \u00e1reas das cogita\u00e7\u00f5es humanas. As revolu\u00e7\u00f5es conceituais da f\u00edsica, no s\u00e9culo XX, muito contribu\u00edram para essa nova vis\u00e3o da realidade, demonstrando que a mat\u00e9ria cedeu lugar \u00e0 energia, o tempo \u00e9 vari\u00e1vel, o movimento descont\u00ednuo, a interconectividade n\u00e3o localizada, e a consci\u00eancia \u00e9 capaz de influir nos eventos, selecionando possibilidades. Nesse novo tempo, especialistas passaram a enxergar o ser humano de forma integral, conectado a uma imensa rede invis\u00edvel, que engloba todas as coisas, do micro ao macrocosmo, e n\u00e3o t\u00eam nenhum pudor em reconhecer a complementaridade entre Ci\u00eancia e Religi\u00e3o, valorizando a integra\u00e7\u00e3o da Espiritualidade \u00e0 vida humana.<\/p>\n<p>Neste site (www.amebrasil.org.br), voc\u00ea acompanhar\u00e1 todos os desdobramentos do novo paradigma para a sa\u00fade proposto pelo Espiritismo e tamb\u00e9m not\u00edcias de outras propostas de Medicina e Espiritualidade. Esperamos que ele possa lhe ser \u00fatil.<\/p>\n<p>Foi assim que ganhou impulso, na d\u00e9cada 1970, uma dessas minorias criativas, formada por m\u00e9dicos que buscam implantar nas universidades estudos de Medicina e Espiritualidade. Sob essa denomina\u00e7\u00e3o, j\u00e1 h\u00e1 cursos regulares ou opcionais, e tamb\u00e9m de p\u00f3s-gradua\u00e7\u00e3o, em 2\/3 das universidades americanas, entre outras, nas Escolas M\u00e9dicas de Harvard, com Herbert Benson, judeu, de Duke, com Harold Koenig, cat\u00f3lico, do Novo M\u00e9xico, com William Miller, luterano. Afirmamos, com renovada alegria, que n\u00f3s, m\u00e9dicos esp\u00edritas, fazemos parte de uma dessas minorias criativas que tenta levar Espiritualidade \u00e0s universidades, porque os fundamentos da Medicina Esp\u00edrita est\u00e3o em sintonia com o que \u00e9 realizado, hoje, na maioria das universidades norte-americanas.<\/p>\n<p>A obra do ilustre f\u00edsico e humanista Fritjof Capra, especialmente, O Ponto de Muta\u00e7\u00e3o, est\u00e1 na vanguarda dessa luta em favor de um novo paradigma para a humanidade, em particular para a Medicina, com sua proposta de Assist\u00eancia Hol\u00edstica \u00e0 Sa\u00fade, que contempla o ser humano integral \u2013 Mente-Corpo. Nessa luta por um novo modelo de sa\u00fade, engajou-se tamb\u00e9m o f\u00edsico qu\u00e2ntico, Amit Goswami, com sua teoria sobre a Consci\u00eancia, exposta em sua obra, especialmente, O Universo Autoconsciente. Nela, ele sustenta que a Consci\u00eancia est\u00e1 fora da mat\u00e9ria, sendo, na verdade, fonte criadora do mundo material.<\/p>\n<p>Hoje, tanto quanto nos s\u00e9culos XIX e XX, h\u00e1 fortes evid\u00eancias cient\u00edficas da exist\u00eancia do Esp\u00edrito. Pesquisadores, em sua maioria n\u00e3o esp\u00edritas, t\u00eam investigado casos de Experi\u00eancias de Quase Morte (EQM), Vis\u00f5es no Leito de Morte, Experi\u00eancias Fora do Corpo, Transcomunica\u00e7\u00e3o Instrumental e Reencarna\u00e7\u00e3o, acumulando evid\u00eancias em favor da sobreviv\u00eancia da alma.<\/p>\n<p>O neuropsiquiatra, Peter Fenwick, os cardiologistas Michael Sabom e Pim Van Lommel, os psiquiatras, Raymond Moody Jr , Elizabeth K\u00fcbler-Ross e Sarah Kreutziger, o pediatra Melvin Morse, os psic\u00f3logos, Kenneth Ring, Phillis Atwater e Margot Grey, entre outros, relataram casos de EQM, contando o que centenas de sobreviventes da morte vivenciaram, quando foram considerados clinicamente mortos. A conclus\u00e3o dos pesquisadores e dos sobreviventes \u00e9 de que algo imaterial sobrevive \u00e0 morte do corpo f\u00edsico.<\/p>\n<p>Na alentada obra Reincarnation and Biology, de Ian Stevenson, professor de Psiquiatria da Faculdade de Medicina da Universidade de Virg\u00ednia, EUA, constatamos tamb\u00e9m, nos 2.600 casos pesquisados, n\u00e3o apenas evid\u00eancias da sobreviv\u00eancia do esp\u00edrito, mas igualmente da reencarna\u00e7\u00e3o, podendo-se acompanhar, inclusive, a correla\u00e7\u00e3o entre as marcas de nascen\u00e7a e os defeitos cong\u00eanitos da exist\u00eancia atual com as viv\u00eancias anteriores.<\/p>\n<p>Hoje, j\u00e1 h\u00e1 centenas de trabalhos publicados em revistas cient\u00edficas prestigiadas, como The Lancet, New England Journal of Medicine; British Medical Journal, JAMA etc. sobre o valor da prece na terap\u00eautica (ver site: www.ncbi.nlm.nih.gov, do NIH). Do mesmo modo, experi\u00eancias realizadas pelo psic\u00f3logo brasileiro, J\u00falio Peres, em parceria com o neurocientista, Andrew Newberg, da Universidade da Pensilv\u00e2nia, EUA, evidenciaram \u00e1reas do c\u00e9rebro em funcionamento, que s\u00e3o ativadas e rebaixadas, durante as sess\u00f5es de Terapia por Regress\u00e3o de Mem\u00f3ria, realizadas com pacientes do Instituto Nacional de Terapia de Viv\u00eancias Passadas (INTVP) do Brasil. Essas pesquisas, somadas \u00e0s que o dr. Newberg realizou com pessoas em estado de vig\u00edlia e medita\u00e7\u00e3o, mostram um campo promissor para o estudo do Esp\u00edrito e sua atua\u00e7\u00e3o sobre a mat\u00e9ria.<\/p>\n<p>No Jap\u00e3o, Massaru Emoto, ap\u00f3s 8 anos de investiga\u00e7\u00e3o, publicou o livro, Messages from the Water, mostrando como a \u00e1gua pode formar cristais perfeitos ou n\u00e3o, conforme a a\u00e7\u00e3o exercida sobre ela pelos pensamentos e sentimentos humanos. Tanto as experi\u00eancias de Andrew Newberg e J\u00falio Peres, quanto as de Massaru Emoto trazem subs\u00eddios importantes para validar a Terap\u00eautica Complementar Espiritual e entreabrem novos campos para a pesquisa em medicina energ\u00e9tica.<\/p>\n<p>Hoje, com o progresso vertiginoso da Ci\u00eancia e, igualmente, o aumento maci\u00e7o das doen\u00e7as da alma, \u00e9 imperioso que esses cursos de Medicina e Espiritualidade se multipliquem nas Escolas M\u00e9dicas do mundo. A mudan\u00e7a de mentalidade, por\u00e9m, n\u00e3o \u00e9 nada f\u00e1cil. H\u00e1 tr\u00eas s\u00e9culos, a \u00eanfase tem sido para a vis\u00e3o de um ser humano esquizofr\u00eanico, dividido entre as investiga\u00e7\u00f5es cient\u00edficas e a busca religiosa, consideradas e alimentadas como irreconcili\u00e1veis. Esse paradigma antigo, materialista reducionista, est\u00e1 calcado no predom\u00ednio do ego\u00edsmo sobre o amor, do intelecto sobre o sentimento, e tem sido respons\u00e1vel pelo recrudescimento da viol\u00eancia, da ambi\u00e7\u00e3o sem freios, dos v\u00edcios, da intoler\u00e2ncia religiosa e das grandes desigualdades e calamidades sociais. Nele, o ser humano \u00e9 reduzido t\u00e3o-somente \u00e0s fun\u00e7\u00f5es neuroqu\u00edmicas do c\u00e9rebro, destitu\u00eddo de qualquer elemento imaterial que anime suas c\u00e9lulas. Com esse modelo, n\u00e3o haver\u00e1 paz no mundo.<\/p>\n<p>Contra ele, a favor da integra\u00e7\u00e3o esp\u00edrito-mat\u00e9ria, coloca-se o movimento em prol da Medicina e da Espiritualidade. Com a preponder\u00e2ncia deste modelo, que tem na solidariedade uma de suas importantes vigas-mestras, acreditamos que os m\u00e9dicos estar\u00e3o muito mais aptos a lidar com a dor humana, esfor\u00e7ando-se por diminuir os sofrimentos e ang\u00fastias dos seus irm\u00e3os em humanidade.<\/p>\n<p>Notas: (1) Express\u00e3o do historiador Arnold Toynbee, que designa grupos minorit\u00e1rios de pessoas, defensoras de mudan\u00e7as evolutivas, em contraposi\u00e7\u00e3o, \u00e0 grande maioria, arraigada \u00e0 mentalidade arcaica.<\/p>\n<p>(2) Tese desenvolvida no seu livro O Universo Autoconsciente<\/p>\n","protected":false},"excerpt":{"rendered":"<p>A CONSTRU\u00c7\u00c3O DA ESPIRITUALIDADE NA MEDICINA &#8211; Por Dra. Marlene Nobre &#8211; Presidente da AME-Brasil &#8211; Cada vez mais, \u201cminorias criativas\u201d (1) buscam a integra\u00e7\u00e3o entre F\u00e9 e Raz\u00e3o, tendo em vista que \u00e9 imposs\u00edvel compreender o mundo, o universo &hellip; <a href=\"https:\/\/xn--regeneraoplanetria-dsb6a7f.com.br\/index.php\/ciencia-e-espiritualidade\/construcao-da-espiritualidade-na-medicina\/\">Continue lendo <span class=\"meta-nav\">&rarr;<\/span><\/a><\/p>\n","protected":false},"author":1,"featured_media":0,"parent":38,"menu_order":2,"comment_status":"open","ping_status":"closed","template":"","meta":{"footnotes":""},"class_list":["post-489","page","type-page","status-publish","hentry"],"_links":{"self":[{"href":"https:\/\/xn--regeneraoplanetria-dsb6a7f.com.br\/index.php\/wp-json\/wp\/v2\/pages\/489","targetHints":{"allow":["GET"]}}],"collection":[{"href":"https:\/\/xn--regeneraoplanetria-dsb6a7f.com.br\/index.php\/wp-json\/wp\/v2\/pages"}],"about":[{"href":"https:\/\/xn--regeneraoplanetria-dsb6a7f.com.br\/index.php\/wp-json\/wp\/v2\/types\/page"}],"author":[{"embeddable":true,"href":"https:\/\/xn--regeneraoplanetria-dsb6a7f.com.br\/index.php\/wp-json\/wp\/v2\/users\/1"}],"replies":[{"embeddable":true,"href":"https:\/\/xn--regeneraoplanetria-dsb6a7f.com.br\/index.php\/wp-json\/wp\/v2\/comments?post=489"}],"version-history":[{"count":0,"href":"https:\/\/xn--regeneraoplanetria-dsb6a7f.com.br\/index.php\/wp-json\/wp\/v2\/pages\/489\/revisions"}],"up":[{"embeddable":true,"href":"https:\/\/xn--regeneraoplanetria-dsb6a7f.com.br\/index.php\/wp-json\/wp\/v2\/pages\/38"}],"wp:attachment":[{"href":"https:\/\/xn--regeneraoplanetria-dsb6a7f.com.br\/index.php\/wp-json\/wp\/v2\/media?parent=489"}],"curies":[{"name":"wp","href":"https:\/\/api.w.org\/{rel}","templated":true}]}}