{"id":594,"date":"2013-04-10T15:25:09","date_gmt":"2013-04-10T18:25:09","guid":{"rendered":"http:\/\/xn--regeneraoplanetria-dsb6a7f.com.br\/?page_id=594"},"modified":"2013-04-10T15:25:09","modified_gmt":"2013-04-10T18:25:09","slug":"1-ciencia-e-quimica","status":"publish","type":"page","link":"https:\/\/xn--regeneraoplanetria-dsb6a7f.com.br\/index.php\/emmanuel\/1-ciencia-e-quimica\/","title":{"rendered":"1. Ci\u00eancia e Qu\u00edmica"},"content":{"rendered":"<p align=\"center\">O CONSOLADOR (Emmanuel)<\/p>\n<p align=\"center\">PRIMEIRA PARTE<\/p>\n<p align=\"center\">CI\u00caNCIA<\/p>\n<p>1 \u2013 Tem o Espiritismo absoluta necessidade da ci\u00eancia terrestre?<\/p>\n<p>-Essa necessidade de modo algum pode ser absoluta. O concurso cient\u00edfico \u00e9 sempre \u00fatil, quando oriundo da consci\u00eancia esclarecida e da sinceridade do cora\u00e7\u00e3o. Importa considerar, todavia, que a ci\u00eancia do mundo se n\u00e3o deseja continuar no papel de comparsa da tirania e da destrui\u00e7\u00e3o, tem absoluta necessidade do Espiritismo, cuja finalidade divina \u00e9 a ilumina\u00e7\u00e3o dos sentimentos, na sagrada melhoria das caracter\u00edsticas morais do homem. I<\/p>\n<p>CI\u00caNCIAS FUNDAMENTAIS<\/p>\n<p>Emmanuel<\/p>\n<p>2 \u2013 Se reconhecermos a Qu\u00edmica, a F\u00edsica, a Biologia, a Psicologia e a Sociologia como as cinco ci\u00eancias fundamentais, qual ser\u00e1 a posi\u00e7\u00e3o da ci\u00eancia da vida, em rela\u00e7\u00e3o \u00e0s demais?<\/p>\n<p>-A Qu\u00edmica e a F\u00edsica, estudando a a\u00e7\u00e3o \u00edntima dos corpos, suas rela\u00e7\u00f5es entre si e as suas propriedades, constituem a cataloga\u00e7\u00e3o dos valores da ci\u00eancia material. A Psicologia e a Sociologia, examinando a paisagem dos sentimentos e os problemas sociais, representam a t\u00e1bua de classifica\u00e7\u00e3o das conquistas da ci\u00eancia intelectual. No centro de todas est\u00e1 a Biologia, significando a ci\u00eancia da vida em suas profundezas, revelando a transcend\u00eancia da origem \u2013 o Esp\u00edrito, o Verbo Divino.<\/p>\n<p>At\u00e9 agora, a Biologia est\u00e1 igualmente encarcerada nas escolas materialistas da Terra, por\u00e9m, nas suas express\u00f5es mais leg\u00edtimas, evolver\u00e1 para Deus, com as suas demonstra\u00e7\u00f5es sublimes, cumprindo-nos reconhecer que, mesmo na atualidade, seus enigmas profundos, s\u00e3o os mais nobres apelos \u00e0 realidade espiritual e ao exame das fontes divinas da exist\u00eancia.<\/p>\n<p>QU\u00cdMICA<\/p>\n<p>Emmanuel<\/p>\n<p>3 \u2013 No campo da Qu\u00edmica, as for\u00e7as do plano espiritual auxiliam o homem terrestre?<\/p>\n<p>-Os prepostos de Jesus espalham-se por todos os setores do trabalho humano e, em todos os tempos, cooperam com o homem no seu esfor\u00e7o de aperfei\u00e7oamento; ali\u00e1s, os estudiosos e os cientistas do planeta n\u00e3o criaram os fen\u00f4menos qu\u00edmicos, que sempre existiram desde a aurora dos tempos, afirmando uma intelig\u00eancia superior.<\/p>\n<p>Os homens, em verdade, aprenderam a qu\u00edmica com a Natureza, copiaram as suas associa\u00e7\u00f5es, desenvolvendo a sua esfera de estudos e inventaram uma nomenclatura, reduzindo os valores qu\u00edmicos, sem lhes aprender a origem divina.<\/p>\n<p>4 \u2013 Nos estudos da Qu\u00edmica, avaliam-se em cerca de um quarto de milh\u00e3o as subst\u00e2ncias da Terra, que podem ser reduzidas, aproximadamente, como origin\u00e1rias de noventa elementos. Quando os estudos dessa ci\u00eancia forem ampliados, poder\u00e3o reduzir-se, ainda mais, as fontes de origem?<\/p>\n<p>-A Qu\u00edmica necessita apresentar essa divis\u00e3o de elementos para a cataloga\u00e7\u00e3o dos valores educativos, com vistas \u00e0s investiga\u00e7\u00f5es de natureza cient\u00edfica, no mundo; contudo, se na sua base est\u00e3o os \u00e1tomos, na mais vasta express\u00e3o de diversidade, mesmo assim tender\u00e1 sempre para a unidade substancial, em remontando com as verdades espirituais \u00e0s suas fontes de origem.<\/p>\n<p>Ali\u00e1s, em se tratando das individualiza\u00e7\u00f5es qu\u00edmicas, j\u00e1 conheceis que o hidrog\u00eanio, no quadro dos conhecimentos terrestres, \u00e9 o elemento mais simples de todos. Seu \u00e1tomo \u00e9 a forma primordial da mat\u00e9ria planet\u00e1ria, porque composto de um s\u00f3 el\u00e9tron, de onde partem as demais individua\u00e7\u00f5es no mecanismo evolutivo da mat\u00e9ria, em suas express\u00f5es rudimentares.<\/p>\n<p>5 \u2013Nos chamados movimentos brownianos e nas afinidades moleculares poderemos observar manifesta\u00e7\u00f5es de espiritualidade?<\/p>\n<p>-Nos chamados movimentos brownianos, bem como nas atra\u00e7\u00f5es moleculares, ainda n\u00e3o poderemos ver, propriamente, manifesta\u00e7\u00f5es de espiritualidade, como princ\u00edpio de intelig\u00eancia, mas fen\u00f4menos rudimentares da vida em suas demonstra\u00e7\u00f5es de energia potencial, na evolu\u00e7\u00e3o da mat\u00e9ria, a caminho dos princ\u00edpios an\u00edmicos, sob a b\u00ean\u00e7\u00e3o de luz da natureza divina.<\/p>\n<p>6 \u2013Houve uma unidade material para a forma\u00e7\u00e3o das v\u00e1rias express\u00f5es org\u00e2nicas existentes na Terra?<\/p>\n<p>-Assim como o qu\u00edmico humano encontra no hidrog\u00eanio a f\u00f3rmula mais simples para estabelecer a rota de suas compara\u00e7\u00f5es substanciais, os esp\u00edritos que cooperaram com o Cristo, nos prim\u00f3rdios da organiza\u00e7\u00e3o planet\u00e1ria, encontraram, no protoplasma, o ponto de in\u00edcio para a sua atividade realizadora, tomando-o como base essencial de todas as c\u00e9lulas vivas do organismo terrestre.<\/p>\n<p>7 -Existe uma lei de progresso para a individualiza\u00e7\u00e3o qu\u00edmica?<\/p>\n<p>-Na conceitua\u00e7\u00e3o dos valores espirituais, a Lei \u00e9 de evolu\u00e7\u00e3o para todos os seres e coisas do Universo. As individualiza\u00e7\u00f5es qu\u00edmicas possuem igualmente a sua rota para obten\u00e7\u00e3o das primeiras express\u00f5es an\u00edmicas, sendo justo observarmos que, no c\u00edrculo industrial, a individualiza\u00e7\u00e3o \u00e9 trabalhada pelos processos mais grosseiros, at\u00e9 que possa ser aproveitada pelo agente invis\u00edvel na qu\u00edmica biol\u00f3gica, onde entra em novo c\u00edrculo vital, na ascens\u00e3o para o seu destino.<\/p>\n<p>8 \u2013Qual a diferen\u00e7a observada pelos Esp\u00edritos entre a qu\u00edmica biol\u00f3gica e a industrial:<\/p>\n<p>-Na primeira preponderam os ascendentes espirituais, em todas as organiza\u00e7\u00f5es; ao passo que na segunda todos os fatores podem ser de atua\u00e7\u00e3o propriamente material.<\/p>\n<p>Nisso reside a grande diferen\u00e7a. \u00c9 que, na intimidade da c\u00e9lula org\u00e2nica, o fen\u00f4meno da vida submete-se a um agente divino, em sua natureza profunda, e, nos compostos industriais, as combina\u00e7\u00f5es qu\u00edmicas podem obedecer a um agente humano.<\/p>\n<p>9 \u2013A radioatividade opera a destrui\u00e7\u00e3o ou a evolu\u00e7\u00e3o da mat\u00e9ria?<\/p>\n<p>-Atrav\u00e9s da radioatividade, verifica-se a evolu\u00e7\u00e3o da mat\u00e9ria. \u00c9 nesse cont\u00ednuo desgaste que se observam os processos de transforma\u00e7\u00e3o das individualiza\u00e7\u00f5es qu\u00edmicas, convertidas em energia, movimento, eletricidade, luz, na ascens\u00e3o para novas modalidades evolutivas, em obedi\u00eancia \u00e0s leis que regem o Universo.<\/p>\n<p>10 \u2013Onde a fonte de energia para a mat\u00e9ria, de vez que a radioatividade opera incessantemente, trabalhando as suas for\u00e7as?<\/p>\n<p>-O Sol \u00e9 essa fonte vital para todos os n\u00facleos da vida planet\u00e1ria. Todos os seres, como todos os centros em que se processam as for\u00e7as embrion\u00e1rias da vida, recebem a renova\u00e7\u00e3o constante de suas energias atrav\u00e9s da chuva incessante dos \u00e1tomos, que a sede do sistema envia \u00e0 sua fam\u00edlia de mundos, equilibrados na sua atra\u00e7\u00e3o, dentro do Infinito.<\/p>\n<p>11 \u2013Como deveremos compreender a assertiva dos qu\u00edmicos \u201cnada se cria, nada se perde\u201d?<\/p>\n<p>-Em verdade, o esp\u00edrito humano n\u00e3o cria a vida, atributo de Deus, fonte da cria\u00e7\u00e3o infinita e incessante; contudo, se o homem n\u00e3o pode criar o fluido da vida, nada se perde da obra de Deus em torno dele, porque todas as subst\u00e2ncias se transformam na evolu\u00e7\u00e3o para mais alto.<\/p>\n<p>12 \u2013Em face da exatid\u00e3o com que se efetuam as combina\u00e7\u00f5es naturais da qu\u00edmica org\u00e2nica, como entender as diversas express\u00f5es da natureza em seus prim\u00f3rdios? -As express\u00f5es diversas da Natureza terrestre, em suas primitivas agrega\u00e7\u00f5es moleculares, obedeceram ao pensamento divino dos prepostos de Jesus, quando nas manifesta\u00e7\u00f5es iniciais da vida sobre a crosta do orbe.<\/p>\n<p>Remontando a essas origens profundas, podeis observar, ent\u00e3o, o esfor\u00e7o dos Esp\u00edritos s\u00e1bios do plano invis\u00edvel, na manipula\u00e7\u00e3o dos valores da qu\u00edmica biol\u00f3gica nos prim\u00f3rdios da vida planet\u00e1ria, estabelecendo a caracteriza\u00e7\u00e3o definitiva dos processos da Natureza na fixa\u00e7\u00e3o das esp\u00e9cies, prevendo todo mecanismo da evolu\u00e7\u00e3o no futuro, e entregando o seu trabalho \u00e0s leis da sele\u00e7\u00e3o natural que, sob a \u00e9gide de Jesus, prosseguiram no aperfei\u00e7oamento da obra terrestre atrav\u00e9s do tempo.<\/p>\n<p>13 \u2013As for\u00e7as espirituais organizaram igualmente a atmosfera do mundo?<\/p>\n<p>-Isso \u00e9 indubit\u00e1vel. A intelig\u00eancia com que foram dispostos os elementos do cen\u00e1rio, para o desenvolvimento da vida no planeta, vo-lo comprova.<\/p>\n<p>A algumas dezenas de quil\u00f4metros foram colocados os revestimentos do oz\u00f4nio, destinados a filtrar os raios solares; dosando-lhes a natureza para a prote\u00e7\u00e3o da vida.<\/p>\n<p>Da atmosfera recebe a maior porcentagem de nutri\u00e7\u00e3o para o entretenimento das c\u00e9lulas.<\/p>\n<p>E como o nosso escopo n\u00e3o \u00e9 o de cita\u00e7\u00f5es eruditas, nem o de redizer os preceitos cient\u00edficos do mundo, lembremos que um homem, na manuten\u00e7\u00e3o da sua vida org\u00e2nica. Necessita de regular quantidade de oxig\u00eanio, quinze gramas de azoto (alimentar) e quinhentos gramas de carbono (alimentar). O oxig\u00eanio \u00e9 uma d\u00e1diva de Deus para todas as criaturas; quanto ao azoto e ao carbono, \u00e9 pela obten\u00e7\u00e3o que o homem luta afanosamente na Terra, recordando-nos a exorta\u00e7\u00e3o dos textos sagrados ao esp\u00edrito que faliu \u2013 \u201ccomer\u00e1s o p\u00e3o com o suor do teu rosto\u201d.<\/p>\n<p>O problema b\u00e1sico da nutri\u00e7\u00e3o, nessa conta de qu\u00edmica, \u00e9 uma reafirma\u00e7\u00e3o da generosidade paterna do Criador e do estado expiat\u00f3rio em que se encontram as almas reencarnadas neste mundo.<\/p>\n<p>14 \u2013Como compreender a afirmativa dos astr\u00f4nomos relativamente \u00e0 morte t\u00e9rmica do planeta?<\/p>\n<p>-\u00c9 certo que todo organismo material se transformar\u00e1, um dia, revestindo novas formas. As energias do Sol, como as for\u00e7as tel\u00faricas do orbe terrestre, ser\u00e3o esgotadas aqui, para surgirem noutra parte. Alguns astr\u00f4nomos calculam a morte t\u00e9rmica do planeta para daqui a um milh\u00e3o de anos, aproximadamente.<\/p>\n<p>J\u00e1 se disse, por\u00e9m, que a vida \u00e9 p eterno presente. E o nosso primeiro dever n\u00e3o \u00e9 o de contar o tempo, demarcando, em bases inseguras, a dura\u00e7\u00e3o das obras conhecidamente sagrada para as edifica\u00e7\u00f5es definitivas do nosso esp\u00edrito, as quais s\u00e3o inacess\u00edveis a todas as transforma\u00e7\u00f5es da mat\u00e9ria, em face do Infinito.<\/p>\n<p>Da Obra \u201cO CONSOLADOR\u201d \u2013 Esp\u00edrito: EMMANUEL \u2013 M\u00e9dium: FRANCISCO C\u00c2NDIDO XAVIER<\/p>\n","protected":false},"excerpt":{"rendered":"<p>O CONSOLADOR (Emmanuel) PRIMEIRA PARTE CI\u00caNCIA 1 \u2013 Tem o Espiritismo absoluta necessidade da ci\u00eancia terrestre? -Essa necessidade de modo algum pode ser absoluta. O concurso cient\u00edfico \u00e9 sempre \u00fatil, quando oriundo da consci\u00eancia esclarecida e da sinceridade do cora\u00e7\u00e3o. &hellip; <a href=\"https:\/\/xn--regeneraoplanetria-dsb6a7f.com.br\/index.php\/emmanuel\/1-ciencia-e-quimica\/\">Continue lendo <span class=\"meta-nav\">&rarr;<\/span><\/a><\/p>\n","protected":false},"author":1,"featured_media":0,"parent":371,"menu_order":0,"comment_status":"open","ping_status":"open","template":"","meta":{"footnotes":""},"class_list":["post-594","page","type-page","status-publish","hentry"],"_links":{"self":[{"href":"https:\/\/xn--regeneraoplanetria-dsb6a7f.com.br\/index.php\/wp-json\/wp\/v2\/pages\/594","targetHints":{"allow":["GET"]}}],"collection":[{"href":"https:\/\/xn--regeneraoplanetria-dsb6a7f.com.br\/index.php\/wp-json\/wp\/v2\/pages"}],"about":[{"href":"https:\/\/xn--regeneraoplanetria-dsb6a7f.com.br\/index.php\/wp-json\/wp\/v2\/types\/page"}],"author":[{"embeddable":true,"href":"https:\/\/xn--regeneraoplanetria-dsb6a7f.com.br\/index.php\/wp-json\/wp\/v2\/users\/1"}],"replies":[{"embeddable":true,"href":"https:\/\/xn--regeneraoplanetria-dsb6a7f.com.br\/index.php\/wp-json\/wp\/v2\/comments?post=594"}],"version-history":[{"count":0,"href":"https:\/\/xn--regeneraoplanetria-dsb6a7f.com.br\/index.php\/wp-json\/wp\/v2\/pages\/594\/revisions"}],"up":[{"embeddable":true,"href":"https:\/\/xn--regeneraoplanetria-dsb6a7f.com.br\/index.php\/wp-json\/wp\/v2\/pages\/371"}],"wp:attachment":[{"href":"https:\/\/xn--regeneraoplanetria-dsb6a7f.com.br\/index.php\/wp-json\/wp\/v2\/media?parent=594"}],"curies":[{"name":"wp","href":"https:\/\/api.w.org\/{rel}","templated":true}]}}