{"id":680,"date":"2013-04-21T18:50:08","date_gmt":"2013-04-21T21:50:08","guid":{"rendered":"http:\/\/xn--regeneraoplanetria-dsb6a7f.com.br\/?page_id=680"},"modified":"2013-04-21T18:59:15","modified_gmt":"2013-04-21T21:59:15","slug":"12-o-amor-e-a-renuncia","status":"publish","type":"page","link":"https:\/\/xn--regeneraoplanetria-dsb6a7f.com.br\/index.php\/boa-nova-1\/12-o-amor-e-a-renuncia\/","title":{"rendered":"12 \u2013 O Amor e a Ren\u00fancia"},"content":{"rendered":"<p>12 \u2013 O Amor e a Ren\u00fancia<\/p>\n<p>(Da obra \u201cBoa Nova\u201d de Humberto de Campo, psicografada por Chico Xavier)<\/p>\n<p>O manto da noite ca\u00eda de leve sobre a paisagem de Cafarnaum e Jesus, depois de uma das grandes assembleias populares do lago, se recolhia \u00e0 casa de Pedro em companhia do ap\u00f3stolo. Com a sua palavra divina havia tecido luminosos coment\u00e1rios em torno dos mandamentos de Mois\u00e9s; Sim\u00e3o, no entanto, ia pensativo como se guardasse uma d\u00favida no cora\u00e7\u00e3o.<\/p>\n<p>Inquirido com bondade pelo Mestre, o ap\u00f3stolo esclareceu:<\/p>\n<p>&#8211; Senhor, em face dos vossos ensinamentos, como deveremos interpretar a vossa primeira manifesta\u00e7\u00e3o, transformando a \u00e1gua em vinho, nas bodas de Can\u00e3? N\u00e3o se tratava de uma festa mundana? O vinho n\u00e3o iria cooperar para o desenvolvimento da embriaguez e da gula?<\/p>\n<p>Jesus compreendeu o alcance da interpela\u00e7\u00e3o e sorriu.<\/p>\n<p>&#8211; Sim\u00e3o, disse ele \u2014, conheces a alegria de servir a um amigo?<\/p>\n<p>Pedro n\u00e3o respondeu, pelo que o Mestre continuou:<\/p>\n<p>&#8211; As bodas de Can\u00e3 foram um s\u00edmbolo da nossa uni\u00e3o na Terra. O vinho, ali, foi bem o da alegria com que desejo selar a exist\u00eancia do Reino de Deus nos cora\u00e7\u00f5es. Estou com os meus amigos e amo-os a todos. Os afetos d\u2019alma, Sim\u00e3o, s\u00e3o la\u00e7os misteriosos que nos conduzem a Deus. Saibamos santificar a nossa afei\u00e7\u00e3o, proporcionando aos nossos amigos o m\u00e1ximo da alegria; seja o nosso cora\u00e7\u00e3o uma sala iluminada onde eles se sintam tranquilos e ditosos. Tenhamos sempre j\u00fabilos novos que os reconfortem, nunca contaminemos a fonte de sua simpatia com a sombra dos pesares! As mais belas horas da vida s\u00e3o as que empregamos em am\u00e1-los, enriquecendo-lhes as satisfa\u00e7\u00f5es \u00edntimas.<\/p>\n<p>Contudo, Sim\u00e3o Pedro, manifestando a estranheza que aquelas advert\u00eancias lhe causavam, interpelou ainda o Mestre, com certa timidez:<\/p>\n<p>&#8211; E como deveremos proceder quando os amigos n\u00e3o nos entendam, ou quando nos retribuam com ingratid\u00e3o?<\/p>\n<p>Jesus p\u00f4s nele o olhar l\u00facido e respondeu:<\/p>\n<p>&#8211; Pedro, o amor verdadeiro e sincero nunca espera recompensas. A ren\u00fancia \u00e9 o seu ponto de apoio, como o ato de dar \u00e9 a ess\u00eancia de sua vida. A capacidade de sentir grandes afei\u00e7\u00f5es j\u00e1 \u00e9 em si mesma um tesouro. A compreens\u00e3o de um amigo deve ser para n\u00f3s a maior recompensa. Todavia, quando a luz do entendimento tardar no esp\u00edrito daqueles a quem amamos, deveremos lembrar- nos de que temos a sagrada compreens\u00e3o de Deus, que nos conhece os prop\u00f3sitos mais puros. Ainda que todos os nossos amigos do mundo se convertessem, um dia, em nossos advers\u00e1rios, ou mesmo em nossos algozes, jamais nos poderiam privar da alegria infinita de lhes haver dado alguma coisa! &#8230;<\/p>\n<p>E com o olhar absorto na paisagem crepuscular, onde vibravam sutis harmonias, Jesus ponderou, profeticamente:<\/p>\n<p>&#8211; O vinho de Can\u00e3 poder\u00e1, um dia, transformar-se no vinagre da amargura; contudo, sentirei, mesmo assim, j\u00fabilo em sorv\u00ea-lo, por minha dedica\u00e7\u00e3o aos que vim buscar para o amor do Todo- Poderoso.<\/p>\n<p>Sim\u00e3o Pedro, ante a argumenta\u00e7\u00e3o consoladora e amiga do Mestre, dissipou as suas derradeiras d\u00favidas, enquanto a noite se apoderava do ambiente, ocultando o conjunto das coisas no seu leque imenso de sombras.<\/p>\n<p>Muito tempo ainda n\u00e3o decorrera sobre essa conversa\u00e7\u00e3o, quando o Mestre, em seus ensinos, deixou perceber que todos os homens, que n\u00e3o estivessem decididos a colocar o Reino de Deus acima de pais, m\u00e3es e irm\u00e3os terrestres, n\u00e3o podiam ser seus disc\u00edpulos.<\/p>\n<p>No dia desses novos ensinamentos, terminados os labores evang\u00e9licos, o mesmo ap\u00f3stolo interpelou o Senhor, na penumbra de suas express\u00f5es indecisas:<\/p>\n<p>&#8211; Mestre, como conciliar estas palavras t\u00e3o duras com as vossas anteriores observa\u00e7\u00f5es, relativamente aos la\u00e7os sagrados entre os que se estimam?!<\/p>\n<p>Sem deixar transparecer nenhuma surpresa, Jesus esclareceu:<\/p>\n<p>&#8211; Sim\u00e3o, a minha palavra n\u00e3o determina que o homem quebre os elos santos de sua vida; antes exalta os que tiverem a verdadeira f\u00e9 para colocar o poder de Deus acima de todas as coisas e de todos os seres da cria\u00e7\u00e3o infinita. N\u00e3o constitui o amor dos pais uma lembran\u00e7a da bondade permanente de Deus? N\u00e3o representa o afeto dos filhos um suave perfume do cora\u00e7\u00e3o?! Tenho dado aos meus disc\u00edpulos o t\u00edtulo de amigos, por ser o maior de todos.<\/p>\n<p>O Evangelho &#8211; continuou o Mestre, estando o ap\u00f3stolo a ouvi-lo atentamente n\u00e3o pode condenar os la\u00e7os de fam\u00edlia, mas coloca acima deles o la\u00e7o indestrut\u00edvel da paternidade de Deus. O Reino do C\u00e9u no cora\u00e7\u00e3o deve ser o tema central de nossa vida. Tudo mais \u00e9 acess\u00f3rio. A fam\u00edlia, no mundo, est\u00e1 igualmente subordinada aos imperativos dessa edifica\u00e7\u00e3o. J\u00e1 pensaste, Pedro, no supremo sacrif\u00edcio de renunciar? Todos os homens sabem conservar, s\u00e3o raros os que sabem privar-se. Na constru\u00e7\u00e3o do Reino de Deus, chega um instante de separa\u00e7\u00e3o, que \u00e9 necess\u00e1rio se saiba suportar com sincero desprendimento. E essa separa\u00e7\u00e3o n\u00e3o \u00e9 apenas a que se verifica pela morte do corpo, muitas vezes proveitosa e providencial, mas tamb\u00e9m a das posi\u00e7\u00f5es estim\u00e1veis no mundo, a da fam\u00edlia terrestre, a do viver nas paisagens queridas, ou, ent\u00e3o, a de uma alma bem-amada que preferiu ficar, a dist\u00e2ncia, entre as flores venenosas de um dia! &#8230;<\/p>\n<p>Ah! Sim\u00e3o, qu\u00e3o poucos sabem partir, por algum tempo, do lar tranquilo, ou dos bra\u00e7os adorados de uma afei\u00e7\u00e3o, por amor ao reino que \u00e9 o tabern\u00e1culo da vida eterna! Qu\u00e3o poucos saber\u00e3o suportar a cal\u00fania, o apodo, a indiferen\u00e7a, por desejarem permanecer dentro de suas cria\u00e7\u00f5es individuais, cerrando ouvidos \u00e0 advert\u00eancia do c\u00e9u para que se afastem tranquilamente! &#8230; Como s\u00e3o raros os que sabem ceder e partir em sil\u00eancio, por amor ao reino, esperando o instante em que Deus se pronuncia! Entretanto, Pedro, ningu\u00e9m se edificar\u00e1, sem conhecer essa virtude de saber renunciar com alegria, em obedi\u00eancia \u00e0 vontade de Deus, no momento oportuno, compreendendo a sublimidade de seus des\u00edgnios. Por essa raz\u00e3o, os disc\u00edpulos necessitam aprender a partir e a esperar onde as determina\u00e7\u00f5es de Deus os conduzam, porque a edifica\u00e7\u00e3o do Reino do C\u00e9u no cora\u00e7\u00e3o dos homens deve constituir a preocupa\u00e7\u00e3o primeira, a aspira\u00e7\u00e3o mais nobre da alma, as esperan\u00e7as centrais do esp\u00edrito! &#8230;<\/p>\n<p>Ainda n\u00e3o havia anoitecido. Jesus, por\u00e9m, deu por conclu\u00eddas as suas explica\u00e7\u00f5es, enquanto as m\u00e3os calosas do ap\u00f3stolo passavam, de leve, sobre os olhos \u00famidos.<\/p>\n<p>Dando o testemunho real de seus ensinamentos, o Cristo soube ser, em todas as circunst\u00e2ncias, o amigo fiel e dedicado. Nas elucida\u00e7\u00f5es de Jo\u00e3o, vemo-lo a exclamar:\u00a0 &#8211; &#8220;J\u00e1 n\u00e3o vos chamo servos, porque o servo n\u00e3o sabe o que faz o seu senhor; tenho-vos chamado amigos, porque vos revelei tudo quanto ouvi de meu Pai!&#8221; E, na narrativa de Lucas, ouvimo-lo dizer, antes da hora extrema:\u00a0 &#8211; &#8220;Tenho desejado ansiosamente comer convosco esta P\u00e1scoa, antes da minha paix\u00e3o.&#8221;<\/p>\n<p>Ningu\u00e9m no mundo j\u00e1 conseguiu elevar, \u00e0 altura em que o Senhor as colocou, a beleza e a amplitude dos elos afetivos, mesmo porque a sua obra inteira \u00e9 a de reunir, pelo amor, todas as na\u00e7\u00f5es e todos os homens, no c\u00edrculo divino da fam\u00edlia universal. Mas, tamb\u00e9m, por demonstrar que o reino de Deus deve constituir a preocupa\u00e7\u00e3o primeira das almas, ningu\u00e9m como ele soube retirar-se das posi\u00e7\u00f5es, no instante oportuno, em obedi\u00eancia aos des\u00edgnios divinos. Depois da magn\u00edfica vit\u00f3ria da entrada em Jerusal\u00e9m, \u00e9 tra\u00eddo por um dos disc\u00edpulos amados; negam-no os seus seguidores e companheiros; suas id\u00e9ias s\u00e3o tidas como perversoras e revolucion\u00e1rias; \u00e9 acusado como bandido e feiticeiro; sua morte passa por ser a de um ladr\u00e3o.<\/p>\n<p>Jesus, entretanto, ensina \u00e0s criaturas, nessa hora suprema, a excelsa virtude de retirar-se com a solid\u00e3o dos homens, mas com a prote\u00e7\u00e3o de Deus. Ele, que transformara toda a Galil\u00e9ia numa fonte divina; que se levantara com desassombro contra as hipocrisias do farisa\u00edsmo do tempo; que desapontara os cambistas, no pr\u00f3prio templo de Jerusal\u00e9m, como advogado en\u00e9rgico e superior de todas as grandes causas da verdade e do bem, passa, no dia do Calv\u00e1rio, em espet\u00e1culo para o povo, com a alma num maravilhoso e profundo sil\u00eancio. Sem proferir a mais leve acusa\u00e7\u00e3o, caminha humilde, coroado de espinhos, sustentando nas m\u00e3os uma cana imunda \u00e0 guisa de cetro, vestindo a t\u00fanica da ironia, sob as cusparadas dos populares exaltados, de faces sangrentas e passos vacilantes, sob o peso da cruz, vilipendiado, submisso.<\/p>\n<p>No momento do Calv\u00e1rio, Jesus atravessa as ruas de Jerusal\u00e9m, como se estivesse diante da humanidade inteira, sem queixar-se, ensinando a virtude da ren\u00fancia por amor do Reino de Deus, revelando por essa a sua derradeira li\u00e7\u00e3o.<\/p>\n","protected":false},"excerpt":{"rendered":"<p>12 \u2013 O Amor e a Ren\u00fancia (Da obra \u201cBoa Nova\u201d de Humberto de Campo, psicografada por Chico Xavier) O manto da noite ca\u00eda de leve sobre a paisagem de Cafarnaum e Jesus, depois de uma das grandes assembleias populares &hellip; <a href=\"https:\/\/xn--regeneraoplanetria-dsb6a7f.com.br\/index.php\/boa-nova-1\/12-o-amor-e-a-renuncia\/\">Continue lendo <span class=\"meta-nav\">&rarr;<\/span><\/a><\/p>\n","protected":false},"author":1,"featured_media":0,"parent":548,"menu_order":0,"comment_status":"open","ping_status":"open","template":"","meta":{"footnotes":""},"class_list":["post-680","page","type-page","status-publish","hentry"],"_links":{"self":[{"href":"https:\/\/xn--regeneraoplanetria-dsb6a7f.com.br\/index.php\/wp-json\/wp\/v2\/pages\/680","targetHints":{"allow":["GET"]}}],"collection":[{"href":"https:\/\/xn--regeneraoplanetria-dsb6a7f.com.br\/index.php\/wp-json\/wp\/v2\/pages"}],"about":[{"href":"https:\/\/xn--regeneraoplanetria-dsb6a7f.com.br\/index.php\/wp-json\/wp\/v2\/types\/page"}],"author":[{"embeddable":true,"href":"https:\/\/xn--regeneraoplanetria-dsb6a7f.com.br\/index.php\/wp-json\/wp\/v2\/users\/1"}],"replies":[{"embeddable":true,"href":"https:\/\/xn--regeneraoplanetria-dsb6a7f.com.br\/index.php\/wp-json\/wp\/v2\/comments?post=680"}],"version-history":[{"count":0,"href":"https:\/\/xn--regeneraoplanetria-dsb6a7f.com.br\/index.php\/wp-json\/wp\/v2\/pages\/680\/revisions"}],"up":[{"embeddable":true,"href":"https:\/\/xn--regeneraoplanetria-dsb6a7f.com.br\/index.php\/wp-json\/wp\/v2\/pages\/548"}],"wp:attachment":[{"href":"https:\/\/xn--regeneraoplanetria-dsb6a7f.com.br\/index.php\/wp-json\/wp\/v2\/media?parent=680"}],"curies":[{"name":"wp","href":"https:\/\/api.w.org\/{rel}","templated":true}]}}